Last updated on 2022-04-24 03:52:31 CEST.
Flavor | Version | Tinstall | Tcheck | Ttotal | Status | Flags |
---|---|---|---|---|---|---|
r-devel-linux-x86_64-debian-clang | 0.22.6 | 26.89 | 340.28 | 367.17 | NOTE | |
r-devel-linux-x86_64-debian-gcc | 0.22.6 | 22.21 | 237.62 | 259.83 | NOTE | |
r-devel-linux-x86_64-fedora-clang | 0.22.6 | 455.49 | NOTE | |||
r-devel-linux-x86_64-fedora-gcc | 0.22.6 | 412.29 | NOTE | |||
r-patched-linux-x86_64 | 0.22.6 | 27.57 | 325.33 | 352.90 | OK | |
r-release-linux-x86_64 | 0.22.6 | 26.86 | 308.49 | 335.35 | OK | |
r-release-macos-arm64 | 0.22.6 | OK | ||||
r-release-macos-x86_64 | 0.22.6 | OK | ||||
r-release-windows-x86_64 | 0.22.6 | 90.00 | 332.00 | 422.00 | OK | |
r-oldrel-macos-arm64 | 0.22.6 | OK | ||||
r-oldrel-macos-x86_64 | 0.22.6 | OK | ||||
r-oldrel-windows-ix86+x86_64 | 0.22.6 | 54.00 | 353.00 | 407.00 | OK |
Version: 0.22.6
Check: Rd files
Result: NOTE
checkRd: (7) file 'mix_ek.Rd': \item in \describe must have non-empty label
checkRd: (7) file 'mix_hatk.Rd': \item in \describe must have non-empty label
Flavors: r-devel-linux-x86_64-debian-clang, r-devel-linux-x86_64-debian-gcc, r-devel-linux-x86_64-fedora-clang, r-devel-linux-x86_64-fedora-gcc