Last updated on 2022-04-24 03:52:31 CEST.
Flavor | Version | Tinstall | Tcheck | Ttotal | Status | Flags |
---|---|---|---|---|---|---|
r-devel-linux-x86_64-debian-clang | 1.4.6 | 41.65 | 96.92 | 138.57 | NOTE | |
r-devel-linux-x86_64-debian-gcc | 1.4.6 | 32.22 | 71.47 | 103.69 | NOTE | |
r-devel-linux-x86_64-fedora-clang | 1.4.6 | 186.42 | NOTE | |||
r-devel-linux-x86_64-fedora-gcc | 1.4.6 | 2.67 | ERROR | |||
r-patched-linux-x86_64 | 1.4.6 | 40.36 | 90.45 | 130.81 | NOTE | |
r-release-linux-x86_64 | 1.4.6 | 37.61 | 86.45 | 124.06 | NOTE | |
r-release-macos-arm64 | 1.4.6 | NOTE | ||||
r-release-macos-x86_64 | 1.4.6 | NOTE | ||||
r-release-windows-x86_64 | 1.4.6 | 48.00 | 128.00 | 176.00 | NOTE | |
r-oldrel-macos-arm64 | 1.4.6 | NOTE | ||||
r-oldrel-macos-x86_64 | 1.4.6 | NOTE | ||||
r-oldrel-windows-ix86+x86_64 | 1.4.6 | 95.00 | 137.00 | 232.00 | NOTE |
Version: 1.4.6
Check: LazyData
Result: NOTE
'LazyData' is specified without a 'data' directory
Flavors: r-devel-linux-x86_64-debian-clang, r-devel-linux-x86_64-debian-gcc, r-devel-linux-x86_64-fedora-clang, r-patched-linux-x86_64, r-release-linux-x86_64, r-release-macos-arm64, r-release-macos-x86_64, r-release-windows-x86_64, r-oldrel-macos-arm64, r-oldrel-macos-x86_64, r-oldrel-windows-ix86+x86_64
Version: 1.4.6
Check: installed package size
Result: NOTE
installed size is 5.1Mb
sub-directories of 1Mb or more:
R 4.1Mb
Flavors: r-devel-linux-x86_64-fedora-clang, r-release-macos-arm64, r-release-macos-x86_64, r-release-windows-x86_64, r-oldrel-macos-arm64, r-oldrel-macos-x86_64, r-oldrel-windows-ix86+x86_64
Version: 1.4.6
Check: package dependencies
Result: ERROR
Package required but not available: ‘chebpol’
See section ‘The DESCRIPTION file’ in the ‘Writing R Extensions’
manual.
Flavor: r-devel-linux-x86_64-fedora-gcc