Last updated on 2022-04-24 03:52:31 CEST.
Flavor | Version | Tinstall | Tcheck | Ttotal | Status | Flags |
---|---|---|---|---|---|---|
r-devel-linux-x86_64-debian-clang | 1.1.2 | 176.32 | 92.71 | 269.03 | OK | |
r-devel-linux-x86_64-debian-gcc | 1.1.2 | 131.82 | 69.05 | 200.87 | OK | |
r-devel-linux-x86_64-fedora-clang | 1.1.2 | 392.33 | OK | |||
r-devel-linux-x86_64-fedora-gcc | 1.1.2 | 327.95 | OK | |||
r-patched-linux-x86_64 | 1.1.2 | 135.80 | 83.78 | 219.58 | OK | |
r-release-linux-x86_64 | 1.1.2 | 142.61 | 83.68 | 226.29 | OK | |
r-release-macos-arm64 | 1.1.2 | NOTE | ||||
r-release-macos-x86_64 | 1.1.2 | OK | ||||
r-release-windows-x86_64 | 1.1.2 | 138.00 | 150.00 | 288.00 | OK | |
r-oldrel-macos-arm64 | 1.1.2 | NOTE | ||||
r-oldrel-macos-x86_64 | 1.1.2 | OK | ||||
r-oldrel-windows-ix86+x86_64 | 1.1.2 | 420.00 | 142.00 | 562.00 | OK |
Version: 1.1.2
Check: installed package size
Result: NOTE
installed size is 5.4Mb
sub-directories of 1Mb or more:
libs 4.8Mb
Flavors: r-release-macos-arm64, r-oldrel-macos-arm64