Last updated on 2022-04-24 03:52:31 CEST.
Flavor | Version | Tinstall | Tcheck | Ttotal | Status | Flags |
---|---|---|---|---|---|---|
r-devel-linux-x86_64-debian-clang | 1.2.0 | 6.23 | 87.86 | 94.09 | OK | |
r-devel-linux-x86_64-debian-gcc | 1.2.0 | 4.66 | 60.86 | 65.52 | OK | |
r-devel-linux-x86_64-fedora-clang | 1.2.0 | 114.00 | NOTE | |||
r-devel-linux-x86_64-fedora-gcc | 1.2.0 | 100.74 | OK | |||
r-patched-linux-x86_64 | 1.2.0 | 7.68 | 81.55 | 89.23 | OK | |
r-release-linux-x86_64 | 1.2.0 | 5.76 | 78.57 | 84.33 | OK | |
r-release-macos-arm64 | 1.2.0 | OK | ||||
r-release-macos-x86_64 | 1.2.0 | OK | ||||
r-release-windows-x86_64 | 1.2.0 | 52.00 | 102.00 | 154.00 | OK | |
r-oldrel-macos-arm64 | 1.2.0 | OK | ||||
r-oldrel-macos-x86_64 | 1.2.0 | OK | ||||
r-oldrel-windows-ix86+x86_64 | 1.2.0 | 13.00 | 93.00 | 106.00 | OK |
Version: 1.2.0
Check: Rd cross-references
Result: NOTE
Undeclared package ‘mvmeta’ in Rd xrefs
Flavor: r-devel-linux-x86_64-fedora-clang