Last updated on 2022-04-24 03:52:31 CEST.
Flavor | Version | Tinstall | Tcheck | Ttotal | Status | Flags |
---|---|---|---|---|---|---|
r-devel-linux-x86_64-debian-clang | 1.0 | 1.89 | 33.95 | 35.84 | NOTE | |
r-devel-linux-x86_64-debian-gcc | 1.0 | 1.81 | 26.41 | 28.22 | NOTE | |
r-devel-linux-x86_64-fedora-clang | 1.0 | 44.30 | NOTE | |||
r-devel-linux-x86_64-fedora-gcc | 1.0 | 32.62 | NOTE | |||
r-patched-linux-x86_64 | 1.0 | 2.10 | 32.97 | 35.07 | NOTE | |
r-release-linux-x86_64 | 1.0 | 2.05 | 32.90 | 34.95 | NOTE | |
r-release-macos-arm64 | 1.0 | NOTE | ||||
r-release-macos-x86_64 | 1.0 | NOTE | ||||
r-release-windows-x86_64 | 1.0 | 13.00 | 52.00 | 65.00 | NOTE | |
r-oldrel-macos-arm64 | 1.0 | NOTE | ||||
r-oldrel-macos-x86_64 | 1.0 | NOTE | ||||
r-oldrel-windows-ix86+x86_64 | 1.0 | 4.00 | 26.00 | 30.00 | NOTE |
Version: 1.0
Check: R code for possible problems
Result: NOTE
fit.mixtNB: no visible global function definition for 'dnbinom'
fit.mixtNB: no visible global function definition for 'nlminb'
wald.test: no visible global function definition for 'pnorm'
wald.test: no visible global function definition for 'p.adjust'
Undefined global functions or variables:
dnbinom nlminb p.adjust pnorm
Consider adding
importFrom("stats", "dnbinom", "nlminb", "p.adjust", "pnorm")
to your NAMESPACE file.
Flavors: r-devel-linux-x86_64-debian-clang, r-devel-linux-x86_64-debian-gcc, r-devel-linux-x86_64-fedora-clang, r-devel-linux-x86_64-fedora-gcc, r-patched-linux-x86_64, r-release-linux-x86_64, r-release-macos-arm64, r-release-macos-x86_64, r-release-windows-x86_64, r-oldrel-macos-arm64, r-oldrel-macos-x86_64, r-oldrel-windows-ix86+x86_64