Last updated on 2022-04-24 03:52:31 CEST.
Flavor | Version | Tinstall | Tcheck | Ttotal | Status | Flags |
---|---|---|---|---|---|---|
r-devel-linux-x86_64-debian-clang | 2.0.4 | 106.56 | 52.93 | 159.49 | OK | |
r-devel-linux-x86_64-debian-gcc | 2.0.4 | 72.95 | 41.21 | 114.16 | OK | |
r-devel-linux-x86_64-fedora-clang | 2.0.4 | 241.39 | NOTE | |||
r-devel-linux-x86_64-fedora-gcc | 2.0.4 | 180.98 | OK | |||
r-patched-linux-x86_64 | 2.0.4 | 81.15 | 50.66 | 131.81 | OK | |
r-release-linux-x86_64 | 2.0.4 | 82.02 | 50.31 | 132.33 | OK | |
r-release-macos-arm64 | 2.0.4 | NOTE | ||||
r-release-macos-x86_64 | 2.0.4 | NOTE | ||||
r-release-windows-x86_64 | 2.0.4 | 84.00 | 101.00 | 185.00 | OK | |
r-oldrel-macos-arm64 | 2.0.4 | NOTE | ||||
r-oldrel-macos-x86_64 | 2.0.4 | NOTE | ||||
r-oldrel-windows-ix86+x86_64 | 2.0.4 | 186.00 | 94.00 | 280.00 | OK |
Version: 2.0.4
Check: installed package size
Result: NOTE
installed size is 8.5Mb
sub-directories of 1Mb or more:
libs 8.1Mb
Flavors: r-devel-linux-x86_64-fedora-clang, r-release-macos-arm64, r-release-macos-x86_64, r-oldrel-macos-arm64, r-oldrel-macos-x86_64