Last updated on 2022-04-24 03:52:31 CEST.
Flavor | Version | Tinstall | Tcheck | Ttotal | Status | Flags |
---|---|---|---|---|---|---|
r-devel-linux-x86_64-debian-clang | 0.1 | 41.92 | 273.88 | 315.80 | WARN | |
r-devel-linux-x86_64-debian-gcc | 0.1 | 34.06 | 205.04 | 239.10 | WARN | |
r-devel-linux-x86_64-fedora-clang | 0.1 | 388.91 | WARN | |||
r-devel-linux-x86_64-fedora-gcc | 0.1 | 364.30 | WARN | |||
r-patched-linux-x86_64 | 0.1 | 39.61 | 266.18 | 305.79 | NOTE | |
r-release-linux-x86_64 | 0.1 | 37.70 | 243.14 | 280.84 | NOTE | |
r-release-macos-arm64 | 0.1 | NOTE | ||||
r-release-macos-x86_64 | 0.1 | NOTE | ||||
r-release-windows-x86_64 | 0.1 | 45.00 | 297.00 | 342.00 | NOTE | |
r-oldrel-macos-arm64 | 0.1 | NOTE | ||||
r-oldrel-macos-x86_64 | 0.1 | NOTE | ||||
r-oldrel-windows-ix86+x86_64 | 0.1 | 89.00 | 400.00 | 489.00 | NOTE |
Version: 0.1
Check: DESCRIPTION meta-information
Result: NOTE
Malformed Title field: should not end in a period.
Flavors: r-devel-linux-x86_64-debian-clang, r-devel-linux-x86_64-debian-gcc, r-devel-linux-x86_64-fedora-clang, r-devel-linux-x86_64-fedora-gcc, r-patched-linux-x86_64, r-release-linux-x86_64, r-release-macos-arm64, r-release-macos-x86_64, r-release-windows-x86_64, r-oldrel-macos-arm64, r-oldrel-macos-x86_64, r-oldrel-windows-ix86+x86_64
Version: 0.1
Check: R code for possible problems
Result: NOTE
computeContourValues: no visible global function definition for
'na.omit'
deselectNonMovementSteps : coOccurProb: no visible global function
definition for 'dnorm'
deselectNonMovementSteps: no visible global function definition for
'pnorm'
estVarMKDE: no visible global function definition for 'na.omit'
estVarMKDE: no visible global function definition for 'qnorm'
estVarMKDE: no visible global function definition for 'optimize'
plotMKDE: no visible global function definition for 'rainbow'
Undefined global functions or variables:
dnorm na.omit optimize pnorm qnorm rainbow
Consider adding
importFrom("grDevices", "rainbow")
importFrom("stats", "dnorm", "na.omit", "optimize", "pnorm", "qnorm")
to your NAMESPACE file.
Flavors: r-devel-linux-x86_64-debian-clang, r-devel-linux-x86_64-debian-gcc, r-devel-linux-x86_64-fedora-clang, r-devel-linux-x86_64-fedora-gcc, r-patched-linux-x86_64, r-release-linux-x86_64, r-release-macos-arm64, r-release-macos-x86_64, r-release-windows-x86_64, r-oldrel-macos-arm64, r-oldrel-macos-x86_64, r-oldrel-windows-ix86+x86_64
Version: 0.1
Check: Rd files
Result: WARN
checkRd: (7) writeToXDMF.Rd:36: invalid email address: amitsdsc.edu
Flavors: r-devel-linux-x86_64-debian-clang, r-devel-linux-x86_64-debian-gcc, r-devel-linux-x86_64-fedora-clang, r-devel-linux-x86_64-fedora-gcc
Version: 0.1
Check: for non-standard things in the check directory
Result: NOTE
Found the following files/directories:
'ascii3d.txt' 'condor_3dMKDE.dat' 'condor_3dMKDE.vtk'
'condor_3dMKDE.xdmf' 'condor_dem.dat' 'condor_dem.vtk'
'condor_dem.xdmf' 'condor_locations.vtk' 'condor_path.vtk'
Flavors: r-devel-linux-x86_64-debian-clang, r-devel-linux-x86_64-debian-gcc, r-devel-linux-x86_64-fedora-clang, r-devel-linux-x86_64-fedora-gcc, r-patched-linux-x86_64, r-release-linux-x86_64
Version: 0.1
Check: compiled code
Result: NOTE
File ‘mkde/libs/mkde.so’:
Found no calls to: ‘R_registerRoutines’, ‘R_useDynamicSymbols’
It is good practice to register native routines and to disable symbol
search.
See ‘Writing portable packages’ in the ‘Writing R Extensions’ manual.
Flavors: r-devel-linux-x86_64-fedora-clang, r-devel-linux-x86_64-fedora-gcc