Last updated on 2022-04-24 03:52:31 CEST.
| Flavor | Version | Tinstall | Tcheck | Ttotal | Status | Flags | 
|---|---|---|---|---|---|---|
| r-devel-linux-x86_64-debian-clang | 0.1.0 | 6.80 | 35.53 | 42.33 | NOTE | |
| r-devel-linux-x86_64-debian-gcc | 0.1.0 | 5.43 | 28.38 | 33.81 | NOTE | |
| r-devel-linux-x86_64-fedora-clang | 0.1.0 | 53.87 | NOTE | |||
| r-devel-linux-x86_64-fedora-gcc | 0.1.0 | 42.35 | NOTE | |||
| r-patched-linux-x86_64 | 0.1.0 | 7.80 | 35.01 | 42.81 | NOTE | |
| r-release-linux-x86_64 | 0.1.0 | 7.84 | 32.21 | 40.05 | NOTE | |
| r-release-macos-arm64 | 0.1.0 | NOTE | ||||
| r-release-macos-x86_64 | 0.1.0 | NOTE | ||||
| r-release-windows-x86_64 | 0.1.0 | 14.00 | 56.00 | 70.00 | NOTE | |
| r-oldrel-macos-arm64 | 0.1.0 | NOTE | ||||
| r-oldrel-macos-x86_64 | 0.1.0 | NOTE | ||||
| r-oldrel-windows-ix86+x86_64 | 0.1.0 | 13.00 | 41.00 | 54.00 | NOTE | 
Version: 0.1.0
Check: LazyData
Result: NOTE
      'LazyData' is specified without a 'data' directory
Flavors: r-devel-linux-x86_64-debian-clang, r-devel-linux-x86_64-debian-gcc, r-devel-linux-x86_64-fedora-clang, r-devel-linux-x86_64-fedora-gcc, r-patched-linux-x86_64, r-release-linux-x86_64, r-release-macos-arm64, r-release-macos-x86_64, r-release-windows-x86_64, r-oldrel-macos-arm64, r-oldrel-macos-x86_64, r-oldrel-windows-ix86+x86_64
Version: 0.1.0
Check: package vignettes
Result: NOTE
    Package vignette with placeholder title 'Vignette Title':
      'developing-with-mlapi.Rmd'
Flavors: r-devel-linux-x86_64-debian-clang, r-devel-linux-x86_64-debian-gcc, r-patched-linux-x86_64, r-release-linux-x86_64, r-release-windows-x86_64, r-oldrel-windows-ix86+x86_64
Version: 0.1.0
Check: dependencies in R code
Result: NOTE
    Namespaces in Imports field not imported from:
      ‘Matrix’ ‘R6’
      All declared Imports should be used.
Flavors: r-devel-linux-x86_64-fedora-clang, r-devel-linux-x86_64-fedora-gcc, r-release-macos-arm64, r-release-macos-x86_64, r-oldrel-macos-arm64, r-oldrel-macos-x86_64