Last updated on 2022-04-24 03:52:31 CEST.
Flavor | Version | Tinstall | Tcheck | Ttotal | Status | Flags |
---|---|---|---|---|---|---|
r-devel-linux-x86_64-debian-clang | 0.3-1.2 | 11.55 | 35.63 | 47.18 | OK | |
r-devel-linux-x86_64-debian-gcc | 0.3-1.2 | 11.69 | 27.09 | 38.78 | OK | |
r-devel-linux-x86_64-fedora-clang | 0.3-1.2 | 60.81 | NOTE | |||
r-devel-linux-x86_64-fedora-gcc | 0.3-1.2 | 49.17 | NOTE | |||
r-patched-linux-x86_64 | 0.3-1.2 | 11.12 | 33.72 | 44.84 | OK | |
r-release-linux-x86_64 | 0.3-1.2 | 12.05 | 33.67 | 45.72 | OK | |
r-release-macos-arm64 | 0.3-1.2 | OK | ||||
r-release-macos-x86_64 | 0.3-1.2 | OK | ||||
r-release-windows-x86_64 | 0.3-1.2 | 23.00 | 49.00 | 72.00 | OK | |
r-oldrel-macos-arm64 | 0.3-1.2 | OK | ||||
r-oldrel-macos-x86_64 | 0.3-1.2 | OK | ||||
r-oldrel-windows-ix86+x86_64 | 0.3-1.2 | 29.00 | 33.00 | 62.00 | OK |
Version: 0.3-1.2
Check: compiled code
Result: NOTE
File ‘mlmmm/libs/mlmmm.so’:
Found no calls to: ‘R_registerRoutines’, ‘R_useDynamicSymbols’
It is good practice to register native routines and to disable symbol
search.
See ‘Writing portable packages’ in the ‘Writing R Extensions’ manual.
Flavors: r-devel-linux-x86_64-fedora-clang, r-devel-linux-x86_64-fedora-gcc