Last updated on 2022-04-24 03:52:31 CEST.
Flavor | Version | Tinstall | Tcheck | Ttotal | Status | Flags |
---|---|---|---|---|---|---|
r-devel-linux-x86_64-debian-clang | 3.4.2.1 | 3149.06 | 80.57 | 3229.63 | WARN | |
r-devel-linux-x86_64-debian-gcc | 3.4.2.1 | 2050.52 | 56.04 | 2106.56 | NOTE | |
r-devel-linux-x86_64-fedora-clang | 3.4.2.1 | 5605.30 | WARN | |||
r-devel-linux-x86_64-fedora-gcc | 3.4.2.1 | 3580.06 | NOTE | |||
r-patched-linux-x86_64 | 3.4.2.1 | 2117.79 | 71.92 | 2189.71 | NOTE | |
r-release-linux-x86_64 | 3.4.2.1 | 2146.04 | 73.36 | 2219.40 | NOTE | |
r-release-macos-arm64 | 3.4.2.1 | NOTE | ||||
r-release-macos-x86_64 | 3.4.2.1 | NOTE | ||||
r-release-windows-x86_64 | 3.4.2.1 | 2267.00 | 468.00 | 2735.00 | NOTE | |
r-oldrel-macos-arm64 | 3.4.2.1 | NOTE | ||||
r-oldrel-macos-x86_64 | 3.4.2.1 | NOTE | ||||
r-oldrel-windows-ix86+x86_64 | 3.4.2.1 | 4941.00 | 442.00 | 5383.00 | NOTE |
Version: 3.4.2.1
Check: whether package can be installed
Result: WARN
Found the following significant warnings:
./mlpack/core/tree/rectangle_tree/x_tree_split_impl.hpp:152:17: warning: use of bitwise '&' with boolean operands [-Wbitwise-instead-of-logical]
./mlpack/core/tree/rectangle_tree/x_tree_split_impl.hpp:167:19: warning: use of bitwise '&' with boolean operands [-Wbitwise-instead-of-logical]
Flavors: r-devel-linux-x86_64-debian-clang, r-devel-linux-x86_64-fedora-clang
Version: 3.4.2.1
Check: LazyData
Result: NOTE
'LazyData' is specified without a 'data' directory
Flavors: r-devel-linux-x86_64-debian-clang, r-devel-linux-x86_64-debian-gcc, r-devel-linux-x86_64-fedora-clang, r-devel-linux-x86_64-fedora-gcc, r-patched-linux-x86_64, r-release-linux-x86_64, r-release-macos-arm64, r-release-macos-x86_64, r-release-windows-x86_64, r-oldrel-macos-arm64, r-oldrel-macos-x86_64, r-oldrel-windows-ix86+x86_64
Version: 3.4.2.1
Check: installed package size
Result: NOTE
installed size is 279.5Mb
sub-directories of 1Mb or more:
libs 279.1Mb
Flavors: r-devel-linux-x86_64-fedora-clang, r-release-macos-arm64, r-release-macos-x86_64, r-release-windows-x86_64, r-oldrel-macos-arm64, r-oldrel-macos-x86_64, r-oldrel-windows-ix86+x86_64