Last updated on 2022-04-24 03:52:31 CEST.
Flavor | Version | Tinstall | Tcheck | Ttotal | Status | Flags |
---|---|---|---|---|---|---|
r-devel-linux-x86_64-debian-clang | 0.2.0 | 3.32 | 52.72 | 56.04 | OK | |
r-devel-linux-x86_64-debian-gcc | 0.2.0 | 2.17 | 39.93 | 42.10 | OK | |
r-devel-linux-x86_64-fedora-clang | 0.2.0 | 70.68 | NOTE | |||
r-devel-linux-x86_64-fedora-gcc | 0.2.0 | 59.43 | NOTE | |||
r-patched-linux-x86_64 | 0.2.0 | 2.94 | 49.57 | 52.51 | OK | |
r-release-linux-x86_64 | 0.2.0 | 3.09 | 49.87 | 52.96 | OK | |
r-release-macos-arm64 | 0.2.0 | NOTE | ||||
r-release-macos-x86_64 | 0.2.0 | NOTE | ||||
r-release-windows-x86_64 | 0.2.0 | 24.00 | 74.00 | 98.00 | OK | |
r-oldrel-macos-arm64 | 0.2.0 | NOTE | ||||
r-oldrel-macos-x86_64 | 0.2.0 | NOTE | ||||
r-oldrel-windows-ix86+x86_64 | 0.2.0 | 8.00 | 66.00 | 74.00 | OK |
Version: 0.2.0
Check: dependencies in R code
Result: NOTE
Namespaces in Imports field not imported from:
‘caret’ ‘randomForest’
All declared Imports should be used.
Flavors: r-devel-linux-x86_64-fedora-clang, r-devel-linux-x86_64-fedora-gcc, r-release-macos-arm64, r-release-macos-x86_64, r-oldrel-macos-arm64, r-oldrel-macos-x86_64