Last updated on 2022-04-24 03:52:31 CEST.
Flavor | Version | Tinstall | Tcheck | Ttotal | Status | Flags |
---|---|---|---|---|---|---|
r-devel-linux-x86_64-debian-clang | 2.19.0 | 41.00 | 302.57 | 343.57 | NOTE | |
r-devel-linux-x86_64-debian-gcc | 2.19.0 | 33.75 | 218.00 | 251.75 | NOTE | |
r-devel-linux-x86_64-fedora-clang | 2.19.0 | 421.76 | NOTE | |||
r-devel-linux-x86_64-fedora-gcc | 2.19.0 | 421.90 | NOTE | |||
r-patched-linux-x86_64 | 2.19.0 | 54.92 | 277.62 | 332.54 | NOTE | |
r-release-linux-x86_64 | 2.19.0 | 37.99 | 279.10 | 317.09 | NOTE | |
r-release-macos-arm64 | 2.19.0 | NOTE | ||||
r-release-macos-x86_64 | 2.19.0 | NOTE | ||||
r-release-windows-x86_64 | 2.19.0 | 299.00 | 346.00 | 645.00 | NOTE | |
r-oldrel-macos-arm64 | 2.19.0 | NOTE | ||||
r-oldrel-macos-x86_64 | 2.19.0 | NOTE | ||||
r-oldrel-windows-ix86+x86_64 | 2.19.0 | 73.00 | 423.00 | 496.00 | OK |
Version: 2.19.0
Check: package dependencies
Result: NOTE
Packages suggested but not available for checking: 'FDboost', 'rrlda'
Flavors: r-devel-linux-x86_64-debian-clang, r-devel-linux-x86_64-fedora-clang, r-patched-linux-x86_64, r-release-linux-x86_64
Version: 2.19.0
Check: Rd cross-references
Result: NOTE
Unknown package 'FDboost' in Rd xrefs
Flavors: r-devel-linux-x86_64-debian-clang, r-devel-linux-x86_64-debian-gcc, r-devel-linux-x86_64-fedora-clang, r-devel-linux-x86_64-fedora-gcc, r-patched-linux-x86_64, r-release-linux-x86_64
Version: 2.19.0
Check: package dependencies
Result: NOTE
Packages suggested but not available for checking:
'FDboost', 'rknn', 'rrlda'
Flavors: r-devel-linux-x86_64-debian-gcc, r-devel-linux-x86_64-fedora-gcc
Version: 2.19.0
Check: installed package size
Result: NOTE
installed size is 5.0Mb
sub-directories of 1Mb or more:
R 1.5Mb
data 2.3Mb
Flavors: r-devel-linux-x86_64-fedora-clang, r-release-macos-arm64, r-oldrel-macos-arm64
Version: 2.19.0
Check: package dependencies
Result: NOTE
Package suggested but not available for checking: ‘Rmpi’
Flavors: r-release-macos-arm64, r-release-macos-x86_64, r-oldrel-macos-arm64, r-oldrel-macos-x86_64
Version: 2.19.0
Check: package dependencies
Result: NOTE
Package suggested but not available for checking: 'rrlda'
Flavor: r-release-windows-x86_64