Last updated on 2022-04-24 03:52:31 CEST.
Flavor | Version | Tinstall | Tcheck | Ttotal | Status | Flags |
---|---|---|---|---|---|---|
r-devel-linux-x86_64-debian-clang | 0.6.0 | 2.91 | 34.72 | 37.63 | OK | |
r-devel-linux-x86_64-debian-gcc | 0.6.0 | 2.21 | 27.09 | 29.30 | OK | |
r-devel-linux-x86_64-fedora-clang | 0.6.0 | 46.71 | NOTE | |||
r-devel-linux-x86_64-fedora-gcc | 0.6.0 | 36.33 | OK | |||
r-patched-linux-x86_64 | 0.6.0 | 2.70 | 33.34 | 36.04 | OK | |
r-release-linux-x86_64 | 0.6.0 | 2.87 | 33.91 | 36.78 | OK | |
r-release-macos-arm64 | 0.6.0 | OK | ||||
r-release-macos-x86_64 | 0.6.0 | OK | ||||
r-release-windows-x86_64 | 0.6.0 | 26.00 | 52.00 | 78.00 | OK | |
r-oldrel-macos-arm64 | 0.6.0 | OK | ||||
r-oldrel-macos-x86_64 | 0.6.0 | OK | ||||
r-oldrel-windows-ix86+x86_64 | 0.6.0 | 6.00 | 41.00 | 47.00 | OK |
Version: 0.6.0
Check: Rd cross-references
Result: NOTE
Undeclared package ‘palmerpenguins’ in Rd xrefs
Flavor: r-devel-linux-x86_64-fedora-clang