Last updated on 2022-04-24 03:52:31 CEST.
Flavor | Version | Tinstall | Tcheck | Ttotal | Status | Flags |
---|---|---|---|---|---|---|
r-devel-linux-x86_64-debian-clang | 0.4.0 | 32.86 | 551.35 | 584.21 | ERROR | |
r-devel-linux-x86_64-debian-gcc | 0.4.0 | 25.26 | 395.33 | 420.59 | ERROR | |
r-devel-linux-x86_64-fedora-clang | 0.4.0 | 710.42 | ERROR | |||
r-devel-linux-x86_64-fedora-gcc | 0.4.0 | 676.34 | ERROR | |||
r-patched-linux-x86_64 | 0.4.0 | 51.04 | 502.44 | 553.48 | ERROR | |
r-release-linux-x86_64 | 0.4.0 | 29.88 | 530.31 | 560.19 | OK | |
r-release-macos-arm64 | 0.4.0 | OK | ||||
r-release-macos-x86_64 | 0.4.0 | OK | ||||
r-release-windows-x86_64 | 0.4.0 | 390.00 | 461.00 | 851.00 | OK | |
r-oldrel-macos-arm64 | 0.4.0 | OK | ||||
r-oldrel-macos-x86_64 | 0.4.0 | OK | ||||
r-oldrel-windows-ix86+x86_64 | 0.4.0 | 52.00 | 498.00 | 550.00 | OK |
Version: 0.4.0
Check: tests
Result: ERROR
Running 'testthat.R' [300s/180s]
Running the tests in 'tests/testthat.R' failed.
Complete output:
> library("checkmate")
> library("testthat")
> library("mlr3")
> library("paradox")
> library("mlr3pipelines")
>
> test_check("mlr3pipelines")
Starting 2 test processes
[ FAIL 1 | WARN 0 | SKIP 78 | PASS 12463 ]
== Skipped tests ===============================================================
* On CRAN (76)
* empty test (2)
== Failed tests ================================================================
-- Error (test_selector.R:38:3): Selectors work --------------------------------
Error in `selnme(bh_task)`: Assertion on 'feature_names' failed: Must be a subset of {'age','b','chas','cmedv','crim','dis','indus','lat','lon','lstat','nox','ptratio','rad','rm','tax','town','tract','zn'}, but has additional elements {'Petal.Length'}.
Backtrace:
x
1. +-testthat::expect_error(selnme(bh_task), "but is.*Petal.Length") at test_selector.R:38:2
2. | \-testthat:::expect_condition_matching(...)
3. | \-testthat:::quasi_capture(...)
4. | +-testthat .capture(...)
5. | | \-base::withCallingHandlers(...)
6. | \-rlang::eval_bare(quo_get_expr(.quo), quo_get_env(.quo))
7. \-mlr3pipelines selnme(bh_task)
8. \-checkmate::assert_subset(feature_names, task$feature_names)
9. \-checkmate::makeAssertion(x, res, .var.name, add)
10. \-checkmate:::mstop(...)
[ FAIL 1 | WARN 0 | SKIP 78 | PASS 12463 ]
Error: Test failures
Execution halted
Flavor: r-devel-linux-x86_64-debian-clang
Version: 0.4.0
Check: tests
Result: ERROR
Running ‘testthat.R’ [215s/180s]
Running the tests in ‘tests/testthat.R’ failed.
Complete output:
> library("checkmate")
> library("testthat")
> library("mlr3")
> library("paradox")
> library("mlr3pipelines")
>
> test_check("mlr3pipelines")
Starting 2 test processes
[ FAIL 1 | WARN 0 | SKIP 78 | PASS 12463 ]
══ Skipped tests ═══════════════════════════════════════════════════════════════
• On CRAN (76)
• empty test (2)
══ Failed tests ════════════════════════════════════════════════════════════════
── Error (test_selector.R:38:3): Selectors work ────────────────────────────────
Error in `selnme(bh_task)`: Assertion on 'feature_names' failed: Must be a subset of {'age','b','chas','cmedv','crim','dis','indus','lat','lon','lstat','nox','ptratio','rad','rm','tax','town','tract','zn'}, but has additional elements {'Petal.Length'}.
Backtrace:
▆
1. ├─testthat::expect_error(selnme(bh_task), "but is.*Petal.Length") at test_selector.R:38:2
2. │ └─testthat:::expect_condition_matching(...)
3. │ └─testthat:::quasi_capture(...)
4. │ ├─testthat .capture(...)
5. │ │ └─base::withCallingHandlers(...)
6. │ └─rlang::eval_bare(quo_get_expr(.quo), quo_get_env(.quo))
7. └─mlr3pipelines selnme(bh_task)
8. └─checkmate::assert_subset(feature_names, task$feature_names)
9. └─checkmate::makeAssertion(x, res, .var.name, add)
10. └─checkmate:::mstop(...)
[ FAIL 1 | WARN 0 | SKIP 78 | PASS 12463 ]
Error: Test failures
Execution halted
Flavor: r-devel-linux-x86_64-debian-gcc
Version: 0.4.0
Check: Rd cross-references
Result: NOTE
Undeclared package ‘htmlwidgets’ in Rd xrefs
Flavor: r-devel-linux-x86_64-fedora-clang
Version: 0.4.0
Check: tests
Result: ERROR
Running ‘testthat.R’ [346s/227s]
Running the tests in ‘tests/testthat.R’ failed.
Complete output:
> library("checkmate")
> library("testthat")
> library("mlr3")
> library("paradox")
> library("mlr3pipelines")
>
> test_check("mlr3pipelines")
Starting 2 test processes
[ FAIL 1 | WARN 0 | SKIP 78 | PASS 12463 ]
══ Skipped tests ═══════════════════════════════════════════════════════════════
• On CRAN (76)
• empty test (2)
══ Failed tests ════════════════════════════════════════════════════════════════
── Error (test_selector.R:38:3): Selectors work ────────────────────────────────
Error in `selnme(bh_task)`: Assertion on 'feature_names' failed: Must be a subset of {'age','b','chas','cmedv','crim','dis','indus','lat','lon','lstat','nox','ptratio','rad','rm','tax','town','tract','zn'}, but has additional elements {'Petal.Length'}.
Backtrace:
▆
1. ├─testthat::expect_error(selnme(bh_task), "but is.*Petal.Length") at test_selector.R:38:2
2. │ └─testthat:::expect_condition_matching(...)
3. │ └─testthat:::quasi_capture(...)
4. │ ├─testthat .capture(...)
5. │ │ └─base::withCallingHandlers(...)
6. │ └─rlang::eval_bare(quo_get_expr(.quo), quo_get_env(.quo))
7. └─mlr3pipelines selnme(bh_task)
8. └─checkmate::assert_subset(feature_names, task$feature_names)
9. └─checkmate::makeAssertion(x, res, .var.name, add)
10. └─checkmate:::mstop(...)
[ FAIL 1 | WARN 0 | SKIP 78 | PASS 12463 ]
Error: Test failures
Execution halted
Flavor: r-devel-linux-x86_64-fedora-clang
Version: 0.4.0
Check: tests
Result: ERROR
Running ‘testthat.R’ [336s/197s]
Running the tests in ‘tests/testthat.R’ failed.
Complete output:
> library("checkmate")
> library("testthat")
> library("mlr3")
> library("paradox")
> library("mlr3pipelines")
>
> test_check("mlr3pipelines")
Starting 2 test processes
[ FAIL 1 | WARN 0 | SKIP 78 | PASS 12463 ]
══ Skipped tests ═══════════════════════════════════════════════════════════════
• On CRAN (76)
• empty test (2)
══ Failed tests ════════════════════════════════════════════════════════════════
── Error (test_selector.R:38:3): Selectors work ────────────────────────────────
Error in `selnme(bh_task)`: Assertion on 'feature_names' failed: Must be a subset of {'age','b','chas','cmedv','crim','dis','indus','lat','lon','lstat','nox','ptratio','rad','rm','tax','town','tract','zn'}, but has additional elements {'Petal.Length'}.
Backtrace:
▆
1. ├─testthat::expect_error(selnme(bh_task), "but is.*Petal.Length") at test_selector.R:38:2
2. │ └─testthat:::expect_condition_matching(...)
3. │ └─testthat:::quasi_capture(...)
4. │ ├─testthat .capture(...)
5. │ │ └─base::withCallingHandlers(...)
6. │ └─rlang::eval_bare(quo_get_expr(.quo), quo_get_env(.quo))
7. └─mlr3pipelines selnme(bh_task)
8. └─checkmate::assert_subset(feature_names, task$feature_names)
9. └─checkmate::makeAssertion(x, res, .var.name, add)
10. └─checkmate:::mstop(...)
[ FAIL 1 | WARN 0 | SKIP 78 | PASS 12463 ]
Error: Test failures
Execution halted
Flavor: r-devel-linux-x86_64-fedora-gcc
Version: 0.4.0
Check: tests
Result: ERROR
Running ‘testthat.R’ [271s/167s]
Running the tests in ‘tests/testthat.R’ failed.
Complete output:
> library("checkmate")
> library("testthat")
> library("mlr3")
> library("paradox")
> library("mlr3pipelines")
>
> test_check("mlr3pipelines")
Starting 2 test processes
[ FAIL 1 | WARN 0 | SKIP 78 | PASS 12463 ]
══ Skipped tests ═══════════════════════════════════════════════════════════════
• On CRAN (76)
• empty test (2)
══ Failed tests ════════════════════════════════════════════════════════════════
── Error (test_selector.R:38:3): Selectors work ────────────────────────────────
Error in `selnme(bh_task)`: Assertion on 'feature_names' failed: Must be a subset of {'age','b','chas','cmedv','crim','dis','indus','lat','lon','lstat','nox','ptratio','rad','rm','tax','town','tract','zn'}, but has additional elements {'Petal.Length'}.
Backtrace:
▆
1. ├─testthat::expect_error(selnme(bh_task), "but is.*Petal.Length") at test_selector.R:38:2
2. │ └─testthat:::expect_condition_matching(...)
3. │ └─testthat:::quasi_capture(...)
4. │ ├─testthat .capture(...)
5. │ │ └─base::withCallingHandlers(...)
6. │ └─rlang::eval_bare(quo_get_expr(.quo), quo_get_env(.quo))
7. └─mlr3pipelines selnme(bh_task)
8. └─checkmate::assert_subset(feature_names, task$feature_names)
9. └─checkmate::makeAssertion(x, res, .var.name, add)
10. └─checkmate:::mstop(...)
[ FAIL 1 | WARN 0 | SKIP 78 | PASS 12463 ]
Error: Test failures
Execution halted
Flavor: r-patched-linux-x86_64