Last updated on 2022-04-24 03:52:31 CEST.
Flavor | Version | Tinstall | Tcheck | Ttotal | Status | Flags |
---|---|---|---|---|---|---|
r-devel-linux-x86_64-debian-clang | 0.2.0 | 2.61 | 32.60 | 35.21 | OK | |
r-devel-linux-x86_64-debian-gcc | 0.2.0 | 1.44 | 25.57 | 27.01 | OK | |
r-devel-linux-x86_64-fedora-clang | 0.2.0 | 43.87 | NOTE | |||
r-devel-linux-x86_64-fedora-gcc | 0.2.0 | 33.09 | NOTE | |||
r-patched-linux-x86_64 | 0.2.0 | 2.45 | 32.30 | 34.75 | OK | |
r-release-linux-x86_64 | 0.2.0 | 1.56 | 31.33 | 32.89 | OK | |
r-release-macos-arm64 | 0.2.0 | NOTE | ||||
r-release-macos-x86_64 | 0.2.0 | NOTE | ||||
r-release-windows-x86_64 | 0.2.0 | 50.00 | 51.00 | 101.00 | OK | |
r-oldrel-macos-arm64 | 0.2.0 | NOTE | ||||
r-oldrel-macos-x86_64 | 0.2.0 | NOTE | ||||
r-oldrel-windows-ix86+x86_64 | 0.2.0 | 6.00 | 40.00 | 46.00 | OK |
Version: 0.2.0
Check: dependencies in R code
Result: NOTE
Namespaces in Imports field not imported from:
‘DT’ ‘data.table’ ‘e1071’ ‘mlr3’ ‘mlr3learners’ ‘mlr3measures’ ‘plyr’
‘purrr’ ‘ranger’ ‘readxl’ ‘shinyWidgets’ ‘shinyalert’
‘shinydashboard’ ‘shinyjs’ ‘shinythemes’ ‘stats’ ‘stringr’
All declared Imports should be used.
Flavors: r-devel-linux-x86_64-fedora-clang, r-devel-linux-x86_64-fedora-gcc, r-release-macos-arm64, r-release-macos-x86_64, r-oldrel-macos-arm64, r-oldrel-macos-x86_64