Last updated on 2022-04-24 03:52:31 CEST.
Flavor | Version | Tinstall | Tcheck | Ttotal | Status | Flags |
---|---|---|---|---|---|---|
r-devel-linux-x86_64-debian-clang | 0.1.2 | 25.52 | 329.93 | 355.45 | OK | |
r-devel-linux-x86_64-debian-gcc | 0.1.2 | 20.39 | 232.43 | 252.82 | OK | |
r-devel-linux-x86_64-fedora-clang | 0.1.2 | 421.57 | OK | |||
r-devel-linux-x86_64-fedora-gcc | 0.1.2 | 402.12 | OK | |||
r-patched-linux-x86_64 | 0.1.2 | 27.66 | 298.91 | 326.57 | OK | |
r-release-linux-x86_64 | 0.1.2 | 22.15 | 279.54 | 301.69 | OK | |
r-release-macos-arm64 | 0.1.2 | NOTE | ||||
r-release-macos-x86_64 | 0.1.2 | OK | ||||
r-release-windows-x86_64 | 0.1.2 | 44.00 | 300.00 | 344.00 | OK | |
r-oldrel-macos-arm64 | 0.1.2 | NOTE | ||||
r-oldrel-macos-x86_64 | 0.1.2 | OK | ||||
r-oldrel-windows-ix86+x86_64 | 0.1.2 | 49.00 | 300.00 | 349.00 | OK |
Version: 0.1.2
Check: package dependencies
Result: NOTE
Package suggested but not available for checking: ‘sf’
Flavors: r-release-macos-arm64, r-oldrel-macos-arm64
Version: 0.1.2
Check: Rd cross-references
Result: NOTE
Package unavailable to check Rd xrefs: ‘sf’
Flavors: r-release-macos-arm64, r-oldrel-macos-arm64