Last updated on 2022-04-24 03:52:31 CEST.
Flavor | Version | Tinstall | Tcheck | Ttotal | Status | Flags |
---|---|---|---|---|---|---|
r-devel-linux-x86_64-debian-clang | 1.1.5 | 24.98 | 394.94 | 419.92 | NOTE | |
r-devel-linux-x86_64-debian-gcc | 1.1.5 | 18.82 | 286.80 | 305.62 | NOTE | |
r-devel-linux-x86_64-fedora-clang | 1.1.5 | 527.56 | NOTE | |||
r-devel-linux-x86_64-fedora-gcc | 1.1.5 | 511.00 | NOTE | |||
r-patched-linux-x86_64 | 1.1.5 | 19.67 | 357.89 | 377.56 | NOTE | |
r-release-linux-x86_64 | 1.1.5 | 14.16 | 340.55 | 354.71 | NOTE | |
r-release-macos-arm64 | 1.1.5 | NOTE | ||||
r-release-macos-x86_64 | 1.1.5 | NOTE | ||||
r-release-windows-x86_64 | 1.1.5 | 63.00 | 393.00 | 456.00 | NOTE | |
r-oldrel-macos-arm64 | 1.1.5 | NOTE | ||||
r-oldrel-macos-x86_64 | 1.1.5 | NOTE | ||||
r-oldrel-windows-ix86+x86_64 | 1.1.5 | 45.00 | 566.00 | 611.00 | NOTE |
Version: 1.1.5
Check: LazyData
Result: NOTE
'LazyData' is specified without a 'data' directory
Flavors: r-devel-linux-x86_64-debian-clang, r-devel-linux-x86_64-debian-gcc, r-devel-linux-x86_64-fedora-clang, r-devel-linux-x86_64-fedora-gcc, r-patched-linux-x86_64, r-release-linux-x86_64, r-release-macos-arm64, r-release-macos-x86_64, r-release-windows-x86_64, r-oldrel-macos-arm64, r-oldrel-macos-x86_64, r-oldrel-windows-ix86+x86_64