Last updated on 2022-04-24 03:52:31 CEST.
Flavor | Version | Tinstall | Tcheck | Ttotal | Status | Flags |
---|---|---|---|---|---|---|
r-devel-linux-x86_64-debian-clang | 0.5.0 | 5.39 | 512.00 | 517.39 | NOTE | |
r-devel-linux-x86_64-debian-gcc | 0.5.0 | 3.32 | 374.05 | 377.37 | NOTE | |
r-devel-linux-x86_64-fedora-clang | 0.5.0 | 611.95 | NOTE | |||
r-devel-linux-x86_64-fedora-gcc | 0.5.0 | 600.26 | NOTE | |||
r-patched-linux-x86_64 | 0.5.0 | 4.95 | 472.93 | 477.88 | NOTE | |
r-release-linux-x86_64 | 0.5.0 | 4.72 | 467.66 | 472.38 | NOTE | |
r-release-macos-arm64 | 0.5.0 | NOTE | ||||
r-release-macos-x86_64 | 0.5.0 | NOTE | ||||
r-release-windows-x86_64 | 0.5.0 | 13.00 | 496.00 | 509.00 | NOTE | |
r-oldrel-macos-arm64 | 0.5.0 | NOTE | ||||
r-oldrel-macos-x86_64 | 0.5.0 | NOTE | ||||
r-oldrel-windows-ix86+x86_64 | 0.5.0 | 11.00 | 557.00 | 568.00 | NOTE |
Version: 0.5.0
Check: LazyData
Result: NOTE
'LazyData' is specified without a 'data' directory
Flavors: r-devel-linux-x86_64-debian-clang, r-devel-linux-x86_64-debian-gcc, r-devel-linux-x86_64-fedora-clang, r-devel-linux-x86_64-fedora-gcc, r-patched-linux-x86_64, r-release-linux-x86_64, r-release-macos-arm64, r-release-macos-x86_64, r-release-windows-x86_64, r-oldrel-macos-arm64, r-oldrel-macos-x86_64, r-oldrel-windows-ix86+x86_64