Last updated on 2022-04-24 03:52:31 CEST.
Flavor | Version | Tinstall | Tcheck | Ttotal | Status | Flags |
---|---|---|---|---|---|---|
r-devel-linux-x86_64-debian-clang | 0.3.0 | 36.06 | 40.11 | 76.17 | NOTE | |
r-devel-linux-x86_64-debian-gcc | 0.3.0 | 26.87 | 31.46 | 58.33 | NOTE | |
r-devel-linux-x86_64-fedora-clang | 0.3.0 | 109.15 | NOTE | |||
r-devel-linux-x86_64-fedora-gcc | 0.3.0 | 86.93 | NOTE | |||
r-patched-linux-x86_64 | 0.3.0 | 29.76 | 39.54 | 69.30 | NOTE | |
r-release-linux-x86_64 | 0.3.0 | 28.85 | 39.50 | 68.35 | NOTE | |
r-release-macos-arm64 | 0.3.0 | NOTE | ||||
r-release-macos-x86_64 | 0.3.0 | NOTE | ||||
r-release-windows-x86_64 | 0.3.0 | 56.00 | 76.00 | 132.00 | NOTE | |
r-oldrel-macos-arm64 | 0.3.0 | NOTE | ||||
r-oldrel-macos-x86_64 | 0.3.0 | NOTE | ||||
r-oldrel-windows-ix86+x86_64 | 0.3.0 | 105.00 | 78.00 | 183.00 | NOTE |
Version: 0.3.0
Check: LazyData
Result: NOTE
'LazyData' is specified without a 'data' directory
Flavors: r-devel-linux-x86_64-debian-clang, r-devel-linux-x86_64-debian-gcc, r-devel-linux-x86_64-fedora-clang, r-devel-linux-x86_64-fedora-gcc, r-patched-linux-x86_64, r-release-linux-x86_64, r-release-macos-arm64, r-release-macos-x86_64, r-release-windows-x86_64, r-oldrel-macos-arm64, r-oldrel-macos-x86_64, r-oldrel-windows-ix86+x86_64