Last updated on 2022-04-24 03:52:31 CEST.
Flavor | Version | Tinstall | Tcheck | Ttotal | Status | Flags |
---|---|---|---|---|---|---|
r-devel-linux-x86_64-debian-clang | 0.13.3 | 4.35 | 131.37 | 135.72 | NOTE | |
r-devel-linux-x86_64-debian-gcc | 0.13.3 | 3.21 | 94.45 | 97.66 | NOTE | |
r-devel-linux-x86_64-fedora-clang | 0.13.3 | 168.85 | NOTE | |||
r-devel-linux-x86_64-fedora-gcc | 0.13.3 | 161.16 | NOTE | |||
r-patched-linux-x86_64 | 0.13.3 | 3.04 | 125.69 | 128.73 | NOTE | |
r-release-linux-x86_64 | 0.13.3 | 3.82 | 123.38 | 127.20 | NOTE | |
r-release-macos-arm64 | 0.13.3 | NOTE | ||||
r-release-macos-x86_64 | 0.13.3 | NOTE | ||||
r-release-windows-x86_64 | 0.13.3 | 20.00 | 172.00 | 192.00 | NOTE | |
r-oldrel-macos-arm64 | 0.13.3 | NOTE | ||||
r-oldrel-macos-x86_64 | 0.13.3 | NOTE | ||||
r-oldrel-windows-ix86+x86_64 | 0.13.3 | 7.00 | 165.00 | 172.00 | NOTE |
Version: 0.13.3
Check: LazyData
Result: NOTE
'LazyData' is specified without a 'data' directory
Flavors: r-devel-linux-x86_64-debian-clang, r-devel-linux-x86_64-debian-gcc, r-devel-linux-x86_64-fedora-clang, r-devel-linux-x86_64-fedora-gcc, r-patched-linux-x86_64, r-release-linux-x86_64, r-release-macos-arm64, r-release-macos-x86_64, r-release-windows-x86_64, r-oldrel-macos-arm64, r-oldrel-macos-x86_64, r-oldrel-windows-ix86+x86_64
Version: 0.13.3
Check: dependencies in R code
Result: NOTE
Namespaces in Imports field not imported from:
‘datasets’ ‘doParallel’ ‘parallel’
All declared Imports should be used.
Flavors: r-devel-linux-x86_64-fedora-clang, r-devel-linux-x86_64-fedora-gcc, r-release-macos-arm64, r-release-macos-x86_64, r-oldrel-macos-arm64, r-oldrel-macos-x86_64