Last updated on 2022-04-24 03:52:31 CEST.
Flavor | Version | Tinstall | Tcheck | Ttotal | Status | Flags |
---|---|---|---|---|---|---|
r-devel-linux-x86_64-debian-clang | 1.20 | 10.19 | 90.10 | 100.29 | OK | |
r-devel-linux-x86_64-debian-gcc | 1.20 | 7.92 | 67.21 | 75.13 | OK | |
r-devel-linux-x86_64-fedora-clang | 1.20 | 119.17 | NOTE | |||
r-devel-linux-x86_64-fedora-gcc | 1.20 | 107.33 | OK | |||
r-patched-linux-x86_64 | 1.20 | 7.70 | 84.49 | 92.19 | OK | |
r-release-linux-x86_64 | 1.20 | 8.53 | 82.29 | 90.82 | OK | |
r-release-macos-arm64 | 1.20 | OK | ||||
r-release-macos-x86_64 | 1.20 | OK | ||||
r-release-windows-x86_64 | 1.20 | 22.00 | 99.00 | 121.00 | OK | |
r-oldrel-macos-arm64 | 1.20 | OK | ||||
r-oldrel-macos-x86_64 | 1.20 | OK | ||||
r-oldrel-windows-ix86+x86_64 | 1.20 | 18.00 | 94.00 | 112.00 | OK |
Version: 1.20
Check: Rd cross-references
Result: NOTE
Undeclared package ‘geeM’ in Rd xrefs
Flavor: r-devel-linux-x86_64-fedora-clang