Last updated on 2022-04-24 03:52:31 CEST.
Flavor | Version | Tinstall | Tcheck | Ttotal | Status | Flags |
---|---|---|---|---|---|---|
r-devel-linux-x86_64-debian-clang | 1.0 | 161.87 | 102.99 | 264.86 | OK | |
r-devel-linux-x86_64-debian-gcc | 1.0 | 136.59 | 79.14 | 215.73 | OK | |
r-devel-linux-x86_64-fedora-clang | 1.0 | 374.76 | NOTE | |||
r-devel-linux-x86_64-fedora-gcc | 1.0 | 335.16 | OK | |||
r-patched-linux-x86_64 | 1.0 | 142.05 | 102.20 | 244.25 | OK | |
r-release-linux-x86_64 | 1.0 | 130.86 | 100.05 | 230.91 | OK | |
r-release-macos-arm64 | 1.0 | NOTE | ||||
r-release-macos-x86_64 | 1.0 | NOTE | ||||
r-release-windows-x86_64 | 1.0 | 118.00 | 150.00 | 268.00 | OK | |
r-oldrel-macos-arm64 | 1.0 | NOTE | ||||
r-oldrel-macos-x86_64 | 1.0 | NOTE | ||||
r-oldrel-windows-ix86+x86_64 | 1.0 | 352.00 | 210.00 | 562.00 | OK |
Version: 1.0
Check: installed package size
Result: NOTE
installed size is 14.8Mb
sub-directories of 1Mb or more:
libs 14.5Mb
Flavors: r-devel-linux-x86_64-fedora-clang, r-release-macos-arm64, r-release-macos-x86_64, r-oldrel-macos-arm64, r-oldrel-macos-x86_64