Last updated on 2022-04-24 03:52:31 CEST.
Flavor | Version | Tinstall | Tcheck | Ttotal | Status | Flags |
---|---|---|---|---|---|---|
r-devel-linux-x86_64-debian-clang | 0.1-53 | 22.63 | 45.78 | 68.41 | OK | |
r-devel-linux-x86_64-debian-gcc | 0.1-53 | 20.13 | 35.24 | 55.37 | OK | |
r-devel-linux-x86_64-fedora-clang | 0.1-53 | 106.13 | OK | |||
r-devel-linux-x86_64-fedora-gcc | 0.1-53 | 76.68 | OK | |||
r-patched-linux-x86_64 | 0.1-53 | 17.68 | 43.67 | 61.35 | OK | |
r-release-linux-x86_64 | 0.1-53 | 20.73 | 43.60 | 64.33 | OK | |
r-release-macos-arm64 | 0.1-53 | OK | ||||
r-release-macos-x86_64 | 0.1-53 | NOTE | ||||
r-release-windows-x86_64 | 0.1-53 | 39.00 | 86.00 | 125.00 | OK | |
r-oldrel-macos-arm64 | 0.1-53 | OK | ||||
r-oldrel-macos-x86_64 | 0.1-53 | NOTE | ||||
r-oldrel-windows-ix86+x86_64 | 0.1-53 | 65.00 | 82.00 | 147.00 | OK |
Version: 0.1-53
Check: package dependencies
Result: NOTE
Package which this enhances but not available for checking: ‘aMNLFA’
Flavors: r-release-macos-x86_64, r-oldrel-macos-x86_64