Last updated on 2022-04-24 03:52:31 CEST.
Flavor | Version | Tinstall | Tcheck | Ttotal | Status | Flags |
---|---|---|---|---|---|---|
r-devel-linux-x86_64-debian-clang | 1.3 | 4.41 | 71.66 | 76.07 | OK | |
r-devel-linux-x86_64-debian-gcc | 1.3 | 3.75 | 49.46 | 53.21 | OK | |
r-devel-linux-x86_64-fedora-clang | 1.3 | 87.76 | NOTE | |||
r-devel-linux-x86_64-fedora-gcc | 1.3 | 76.38 | OK | |||
r-patched-linux-x86_64 | 1.3 | 5.52 | 66.99 | 72.51 | OK | |
r-release-linux-x86_64 | 1.3 | 4.73 | 65.88 | 70.61 | OK | |
r-release-macos-arm64 | 1.3 | OK | ||||
r-release-macos-x86_64 | 1.3 | OK | ||||
r-release-windows-x86_64 | 1.3 | 26.00 | 84.00 | 110.00 | OK | |
r-oldrel-macos-arm64 | 1.3 | OK | ||||
r-oldrel-macos-x86_64 | 1.3 | OK | ||||
r-oldrel-windows-ix86+x86_64 | 1.3 | 9.00 | 80.00 | 89.00 | OK |
Version: 1.3
Check: Rd cross-references
Result: NOTE
Undeclared package ‘energy’ in Rd xrefs
Flavor: r-devel-linux-x86_64-fedora-clang