Last updated on 2022-04-24 03:52:31 CEST.
Flavor | Version | Tinstall | Tcheck | Ttotal | Status | Flags |
---|---|---|---|---|---|---|
r-devel-linux-x86_64-debian-clang | 0.2.3 | 12.56 | 213.78 | 226.34 | OK | |
r-devel-linux-x86_64-debian-gcc | 0.2.3 | 10.72 | 153.32 | 164.04 | OK | |
r-devel-linux-x86_64-fedora-clang | 0.2.3 | 278.17 | NOTE | |||
r-devel-linux-x86_64-fedora-gcc | 0.2.3 | 248.71 | OK | |||
r-patched-linux-x86_64 | 0.2.3 | 12.34 | 198.35 | 210.69 | OK | |
r-release-linux-x86_64 | 0.2.3 | 7.31 | 180.42 | 187.73 | OK | |
r-release-macos-arm64 | 0.2.3 | OK | ||||
r-release-macos-x86_64 | 0.2.3 | OK | ||||
r-release-windows-x86_64 | 0.2.3 | 20.00 | 231.00 | 251.00 | OK | |
r-oldrel-macos-arm64 | 0.2.3 | OK | ||||
r-oldrel-macos-x86_64 | 0.2.3 | OK | ||||
r-oldrel-windows-ix86+x86_64 | 0.2.3 | 28.00 | 228.00 | 256.00 | OK |
Version: 0.2.3
Check: Rd cross-references
Result: NOTE
Undeclared package ‘geomorph’ in Rd xrefs
Flavor: r-devel-linux-x86_64-fedora-clang