Last updated on 2022-04-24 03:52:31 CEST.
Flavor | Version | Tinstall | Tcheck | Ttotal | Status | Flags |
---|---|---|---|---|---|---|
r-devel-linux-x86_64-debian-clang | 0.1.2 | 9.03 | 56.04 | 65.07 | NOTE | |
r-devel-linux-x86_64-debian-gcc | 0.1.2 | 5.39 | 42.25 | 47.64 | NOTE | |
r-devel-linux-x86_64-fedora-clang | 0.1.2 | 81.26 | NOTE | |||
r-devel-linux-x86_64-fedora-gcc | 0.1.2 | 69.65 | NOTE | |||
r-patched-linux-x86_64 | 0.1.2 | 7.16 | 54.19 | 61.35 | OK | |
r-release-linux-x86_64 | 0.1.2 | 5.66 | 53.02 | 58.68 | OK | |
r-release-macos-arm64 | 0.1.2 | OK | ||||
r-release-macos-x86_64 | 0.1.2 | OK | ||||
r-release-windows-x86_64 | 0.1.2 | 14.00 | 75.00 | 89.00 | OK | |
r-oldrel-macos-arm64 | 0.1.2 | OK | ||||
r-oldrel-macos-x86_64 | 0.1.2 | OK | ||||
r-oldrel-windows-ix86+x86_64 | 0.1.2 | 13.00 | 79.00 | 92.00 | OK |
Version: 0.1.2
Check: Rd files
Result: NOTE
checkRd: (7) file 'getCharSTM1u.Rd': \item in \describe must have non-empty label
checkRd: (7) file 'getCharSTM2u.Rd': \item in \describe must have non-empty label
Flavors: r-devel-linux-x86_64-debian-clang, r-devel-linux-x86_64-debian-gcc, r-devel-linux-x86_64-fedora-clang, r-devel-linux-x86_64-fedora-gcc