Last updated on 2022-04-24 03:52:31 CEST.
Flavor | Version | Tinstall | Tcheck | Ttotal | Status | Flags |
---|---|---|---|---|---|---|
r-devel-linux-x86_64-debian-clang | 0.5 | 34.38 | 118.33 | 152.71 | OK | |
r-devel-linux-x86_64-debian-gcc | 0.5 | 24.90 | 90.01 | 114.91 | OK | |
r-devel-linux-x86_64-fedora-clang | 0.5 | 190.45 | NOTE | |||
r-devel-linux-x86_64-fedora-gcc | 0.5 | 173.76 | NOTE | |||
r-patched-linux-x86_64 | 0.5 | 31.85 | 111.17 | 143.02 | OK | |
r-release-linux-x86_64 | 0.5 | 22.07 | 104.19 | 126.26 | OK | |
r-release-macos-arm64 | 0.5 | NOTE | ||||
r-release-macos-x86_64 | 0.5 | NOTE | ||||
r-release-windows-x86_64 | 0.5 | 71.00 | 130.00 | 201.00 | OK | |
r-oldrel-macos-arm64 | 0.5 | NOTE | ||||
r-oldrel-macos-x86_64 | 0.5 | NOTE | ||||
r-oldrel-windows-ix86+x86_64 | 0.5 | 65.00 | 132.00 | 197.00 | OK |
Version: 0.5
Check: package dependencies
Result: NOTE
Imports includes 22 non-default packages.
Importing from so many packages makes the package vulnerable to any of
them becoming unavailable. Move as many as possible to Suggests and
use conditionally.
Flavor: r-devel-linux-x86_64-fedora-clang
Version: 0.5
Check: dependencies in R code
Result: NOTE
Namespace in Imports field not imported from: ‘lazyeval’
All declared Imports should be used.
Flavors: r-devel-linux-x86_64-fedora-clang, r-devel-linux-x86_64-fedora-gcc, r-release-macos-arm64, r-release-macos-x86_64, r-oldrel-macos-arm64, r-oldrel-macos-x86_64