Last updated on 2022-04-24 03:52:31 CEST.
Flavor | Version | Tinstall | Tcheck | Ttotal | Status | Flags |
---|---|---|---|---|---|---|
r-devel-linux-x86_64-debian-clang | 1.1.1.0 | 15.07 | 223.46 | 238.53 | NOTE | |
r-devel-linux-x86_64-debian-gcc | 1.1.1.0 | 13.43 | 167.77 | 181.20 | NOTE | |
r-devel-linux-x86_64-fedora-clang | 1.1.1.0 | 294.69 | NOTE | |||
r-devel-linux-x86_64-fedora-gcc | 1.1.1.0 | 286.20 | NOTE | |||
r-patched-linux-x86_64 | 1.1.1.0 | 19.66 | 209.22 | 228.88 | NOTE | |
r-release-linux-x86_64 | 1.1.1.0 | 12.73 | 196.07 | 208.80 | NOTE | |
r-release-macos-arm64 | 1.1.1.0 | NOTE | ||||
r-release-macos-x86_64 | 1.1.1.0 | NOTE | ||||
r-release-windows-x86_64 | 1.1.1.0 | 22.00 | 237.00 | 259.00 | NOTE | |
r-oldrel-macos-arm64 | 1.1.1.0 | NOTE | ||||
r-oldrel-macos-x86_64 | 1.1.1.0 | NOTE | ||||
r-oldrel-windows-ix86+x86_64 | 1.1.1.0 | 34.00 | 241.00 | 275.00 | NOTE |
Version: 1.1.1.0
Check: LazyData
Result: NOTE
'LazyData' is specified without a 'data' directory
Flavors: r-devel-linux-x86_64-debian-clang, r-devel-linux-x86_64-debian-gcc, r-devel-linux-x86_64-fedora-clang, r-devel-linux-x86_64-fedora-gcc, r-patched-linux-x86_64, r-release-linux-x86_64, r-release-macos-arm64, r-release-macos-x86_64, r-release-windows-x86_64, r-oldrel-macos-arm64, r-oldrel-macos-x86_64, r-oldrel-windows-ix86+x86_64
Version: 1.1.1.0
Check: dependencies in R code
Result: NOTE
Namespaces in Imports field not imported from:
‘ggplot2’ ‘lattice’
All declared Imports should be used.
Flavors: r-devel-linux-x86_64-fedora-clang, r-devel-linux-x86_64-fedora-gcc, r-release-macos-arm64, r-release-macos-x86_64, r-oldrel-macos-arm64, r-oldrel-macos-x86_64