Last updated on 2022-04-24 03:52:31 CEST.
Flavor | Version | Tinstall | Tcheck | Ttotal | Status | Flags |
---|---|---|---|---|---|---|
r-devel-linux-x86_64-debian-clang | 0.1.8 | 6.23 | 81.46 | 87.69 | OK | |
r-devel-linux-x86_64-debian-gcc | 0.1.8 | 5.12 | 59.32 | 64.44 | OK | |
r-devel-linux-x86_64-fedora-clang | 0.1.8 | 102.05 | NOTE | |||
r-devel-linux-x86_64-fedora-gcc | 0.1.8 | 88.56 | OK | |||
r-patched-linux-x86_64 | 0.1.8 | 6.34 | 74.94 | 81.28 | OK | |
r-release-linux-x86_64 | 0.1.8 | 5.33 | 71.94 | 77.27 | OK | |
r-release-macos-arm64 | 0.1.8 | OK | ||||
r-release-macos-x86_64 | 0.1.8 | OK | ||||
r-release-windows-x86_64 | 0.1.8 | 28.00 | 98.00 | 126.00 | OK | |
r-oldrel-macos-arm64 | 0.1.8 | OK | ||||
r-oldrel-macos-x86_64 | 0.1.8 | OK | ||||
r-oldrel-windows-ix86+x86_64 | 0.1.8 | 15.00 | 89.00 | 104.00 | OK |
Version: 0.1.8
Check: Rd cross-references
Result: NOTE
Undeclared packages ‘lme4’, ‘rstanarm’, ‘dplyr’ in Rd xrefs
Flavor: r-devel-linux-x86_64-fedora-clang