Last updated on 2022-04-24 03:52:31 CEST.
Flavor | Version | Tinstall | Tcheck | Ttotal | Status | Flags |
---|---|---|---|---|---|---|
r-devel-linux-x86_64-debian-clang | 1.0.0 | 32.98 | 599.68 | 632.66 | OK | |
r-devel-linux-x86_64-debian-gcc | 1.0.0 | 28.02 | 413.31 | 441.33 | OK | |
r-devel-linux-x86_64-fedora-clang | 1.0.0 | 747.99 | NOTE | |||
r-devel-linux-x86_64-fedora-gcc | 1.0.0 | 716.71 | NOTE | |||
r-patched-linux-x86_64 | 1.0.0 | 39.17 | 516.98 | 556.15 | OK | |
r-release-linux-x86_64 | 1.0.0 | 0.85 | 11.72 | 12.57 | ERROR | |
r-release-macos-arm64 | 1.0.0 | NOTE | ||||
r-release-macos-x86_64 | 1.0.0 | NOTE | ||||
r-release-windows-x86_64 | 1.0.0 | 139.00 | 548.00 | 687.00 | OK | |
r-oldrel-macos-arm64 | 1.0.0 | NOTE | ||||
r-oldrel-macos-x86_64 | 1.0.0 | NOTE | ||||
r-oldrel-windows-ix86+x86_64 | 1.0.0 | 76.00 | 614.00 | 690.00 | OK |
Version: 1.0.0
Check: dependencies in R code
Result: NOTE
Namespace in Imports field not imported from: ‘parsnip’
All declared Imports should be used.
Flavors: r-devel-linux-x86_64-fedora-clang, r-devel-linux-x86_64-fedora-gcc, r-release-macos-arm64, r-release-macos-x86_64, r-oldrel-macos-arm64, r-oldrel-macos-x86_64
Version: 1.0.0
Check: package dependencies
Result: ERROR
Packages required but not available: 'modeltime', 'modeltime.resample'
See section ‘The DESCRIPTION file’ in the ‘Writing R Extensions’
manual.
Flavor: r-release-linux-x86_64