Last updated on 2022-04-24 03:52:31 CEST.
Flavor | Version | Tinstall | Tcheck | Ttotal | Status | Flags |
---|---|---|---|---|---|---|
r-devel-linux-x86_64-debian-clang | 0.1.1 | 25.09 | 248.76 | 273.85 | OK | |
r-devel-linux-x86_64-debian-gcc | 0.1.1 | 17.31 | 180.35 | 197.66 | OK | |
r-patched-linux-x86_64 | 0.1.1 | 25.05 | 229.95 | 255.00 | OK | |
r-release-linux-x86_64 | 0.1.1 | 0.43 | 11.56 | 11.99 | ERROR | |
r-release-macos-arm64 | 0.1.1 | OK | ||||
r-release-macos-x86_64 | 0.1.1 | OK | ||||
r-release-windows-x86_64 | 0.1.1 | 39.00 | 242.00 | 281.00 | OK | |
r-oldrel-macos-arm64 | 0.1.1 | OK | ||||
r-oldrel-macos-x86_64 | 0.1.1 | OK | ||||
r-oldrel-windows-ix86+x86_64 | 0.1.1 | 57.00 | 248.00 | 305.00 | OK |
Version: 0.1.1
Check: package dependencies
Result: ERROR
Package required but not available: ‘modeltime’
See section ‘The DESCRIPTION file’ in the ‘Writing R Extensions’
manual.
Flavor: r-release-linux-x86_64