Last updated on 2022-04-24 03:52:31 CEST.
Flavor | Version | Tinstall | Tcheck | Ttotal | Status | Flags |
---|---|---|---|---|---|---|
r-devel-linux-x86_64-debian-clang | 1.2.0 | 31.13 | 604.82 | 635.95 | OK | |
r-devel-linux-x86_64-debian-gcc | 1.2.0 | 22.47 | 425.68 | 448.15 | OK | |
r-devel-linux-x86_64-fedora-clang | 1.2.0 | 769.44 | NOTE | |||
r-devel-linux-x86_64-fedora-gcc | 1.2.0 | 753.15 | OK | |||
r-patched-linux-x86_64 | 1.2.0 | 32.28 | 550.34 | 582.62 | OK | |
r-release-linux-x86_64 | 1.2.0 | 0.87 | 11.85 | 12.72 | ERROR | |
r-release-macos-arm64 | 1.2.0 | OK | ||||
r-release-macos-x86_64 | 1.2.0 | OK | ||||
r-release-windows-x86_64 | 1.2.0 | 175.00 | 604.00 | 779.00 | OK | |
r-oldrel-macos-arm64 | 1.2.0 | OK | ||||
r-oldrel-macos-x86_64 | 1.2.0 | OK | ||||
r-oldrel-windows-ix86+x86_64 | 1.2.0 | 66.00 | 651.00 | 717.00 | OK |
Version: 1.2.0
Check: package dependencies
Result: NOTE
Imports includes 28 non-default packages.
Importing from so many packages makes the package vulnerable to any of
them becoming unavailable. Move as many as possible to Suggests and
use conditionally.
Flavor: r-devel-linux-x86_64-fedora-clang
Version: 1.2.0
Check: package dependencies
Result: ERROR
Package required but not available: ‘prophet’
See section ‘The DESCRIPTION file’ in the ‘Writing R Extensions’
manual.
Flavor: r-release-linux-x86_64