Last updated on 2022-04-24 03:52:31 CEST.
Flavor | Version | Tinstall | Tcheck | Ttotal | Status | Flags |
---|---|---|---|---|---|---|
r-devel-linux-x86_64-debian-clang | 0.10.0 | 2.72 | 64.70 | 67.42 | NOTE | |
r-devel-linux-x86_64-debian-gcc | 0.10.0 | 1.79 | 49.68 | 51.47 | NOTE | |
r-devel-linux-x86_64-fedora-clang | 0.10.0 | 80.44 | NOTE | |||
r-devel-linux-x86_64-fedora-gcc | 0.10.0 | 82.73 | NOTE | |||
r-patched-linux-x86_64 | 0.10.0 | 2.89 | 61.08 | 63.97 | NOTE | |
r-release-linux-x86_64 | 0.10.0 | 2.55 | 42.91 | 45.46 | NOTE | |
r-release-macos-arm64 | 0.10.0 | NOTE | ||||
r-release-macos-x86_64 | 0.10.0 | NOTE | ||||
r-release-windows-x86_64 | 0.10.0 | 24.00 | 115.00 | 139.00 | NOTE | |
r-oldrel-macos-arm64 | 0.10.0 | NOTE | ||||
r-oldrel-macos-x86_64 | 0.10.0 | NOTE | ||||
r-oldrel-windows-ix86+x86_64 | 0.10.0 | 7.00 | 55.00 | 62.00 | NOTE |
Version: 0.10.0
Check: LazyData
Result: NOTE
'LazyData' is specified without a 'data' directory
Flavors: r-devel-linux-x86_64-debian-clang, r-devel-linux-x86_64-debian-gcc, r-devel-linux-x86_64-fedora-clang, r-devel-linux-x86_64-fedora-gcc, r-patched-linux-x86_64, r-release-linux-x86_64, r-release-macos-arm64, r-release-macos-x86_64, r-release-windows-x86_64, r-oldrel-macos-arm64, r-oldrel-macos-x86_64, r-oldrel-windows-ix86+x86_64