Last updated on 2022-04-24 03:52:31 CEST.
Flavor | Version | Tinstall | Tcheck | Ttotal | Status | Flags |
---|---|---|---|---|---|---|
r-devel-linux-x86_64-debian-clang | 4.5 | 20.34 | 256.51 | 276.85 | OK | |
r-devel-linux-x86_64-debian-gcc | 4.5 | 16.31 | 182.38 | 198.69 | OK | |
r-devel-linux-x86_64-fedora-clang | 4.5 | 338.31 | NOTE | |||
r-devel-linux-x86_64-fedora-gcc | 4.5 | 335.65 | OK | |||
r-patched-linux-x86_64 | 4.5 | 17.10 | 244.62 | 261.72 | NOTE | |
r-release-linux-x86_64 | 4.5 | 18.71 | 183.75 | 202.46 | WARN | |
r-release-macos-arm64 | 4.5 | NOTE | ||||
r-release-macos-x86_64 | 4.5 | WARN | ||||
r-release-windows-x86_64 | 4.5 | 47.00 | 271.00 | 318.00 | NOTE | |
r-oldrel-macos-arm64 | 4.5 | NOTE | ||||
r-oldrel-macos-x86_64 | 4.5 | WARN | ||||
r-oldrel-windows-ix86+x86_64 | 4.5 | 39.00 | 204.00 | 243.00 | WARN |
Version: 4.5
Check: installed package size
Result: NOTE
installed size is 24.1Mb
sub-directories of 1Mb or more:
doc 23.1Mb
Flavors: r-devel-linux-x86_64-fedora-clang, r-release-macos-arm64, r-release-macos-x86_64, r-release-windows-x86_64, r-oldrel-macos-arm64, r-oldrel-macos-x86_64, r-oldrel-windows-ix86+x86_64
Version: 4.5
Check: package dependencies
Result: NOTE
Package suggested but not available for checking: ‘rglwidget’
Flavor: r-patched-linux-x86_64
Version: 4.5
Check: re-building of vignette outputs
Result: WARN
Error(s) in re-building vignettes:
...
--- re-building ‘molaR_vignette.Rmd’ using rmarkdown
Loading required package: alphahull
Loading required package: rgl
Loading required package: Rvcg
Quitting from lines 58-60 (molaR_vignette.Rmd)
Error: processing vignette 'molaR_vignette.Rmd' failed with diagnostics:
there is no package called 'mime'
--- failed re-building ‘molaR_vignette.Rmd’
SUMMARY: processing the following file failed:
‘molaR_vignette.Rmd’
Error: Vignette re-building failed.
Execution halted
Flavor: r-release-linux-x86_64
Version: 4.5
Check: re-building of vignette outputs
Result: WARN
Error(s) in re-building vignettes:
...
--- re-building ‘molaR_vignette.Rmd’ using rmarkdown
Warning in engine$weave(file, quiet = quiet, encoding = enc) :
Pandoc (>= 1.12.3) not available. Falling back to R Markdown v1.
Loading required package: alphahull
Loading required package: rgl
Loading required package: Rvcg
Quitting from lines 58-60 (molaR_vignette.Rmd)
Error: processing vignette 'molaR_vignette.Rmd' failed with diagnostics:
invalid 'path' argument
--- failed re-building ‘molaR_vignette.Rmd’
SUMMARY: processing the following file failed:
‘molaR_vignette.Rmd’
Error: Vignette re-building failed.
Execution halted
Flavors: r-release-macos-x86_64, r-oldrel-macos-x86_64
Version: 4.5
Check: re-building of vignette outputs
Result: WARN
Error(s) in re-building vignettes:
--- re-building 'molaR_vignette.Rmd' using rmarkdown
Loading required package: alphahull
Loading required package: rgl
Loading required package: Rvcg
Quitting from lines 58-60 (molaR_vignette.Rmd)
Error: processing vignette 'molaR_vignette.Rmd' failed with diagnostics:
there is no package called 'mime'
--- failed re-building 'molaR_vignette.Rmd'
SUMMARY: processing the following file failed:
'molaR_vignette.Rmd'
Error: Vignette re-building failed.
Execution halted
Flavor: r-oldrel-windows-ix86+x86_64