Last updated on 2022-04-24 03:52:31 CEST.
Flavor | Version | Tinstall | Tcheck | Ttotal | Status | Flags |
---|---|---|---|---|---|---|
r-devel-linux-x86_64-debian-clang | 2.0.3 | 40.82 | 168.56 | 209.38 | OK | |
r-devel-linux-x86_64-debian-gcc | 2.0.3 | 35.02 | 119.81 | 154.83 | OK | |
r-devel-linux-x86_64-fedora-clang | 2.0.3 | 250.34 | OK | |||
r-devel-linux-x86_64-fedora-gcc | 2.0.3 | 239.71 | OK | |||
r-patched-linux-x86_64 | 2.0.3 | 36.02 | 157.41 | 193.43 | OK | |
r-release-linux-x86_64 | 2.0.3 | 39.37 | 150.85 | 190.22 | OK | |
r-release-macos-arm64 | 2.0.3 | NOTE | ||||
r-release-macos-x86_64 | 2.0.3 | NOTE | ||||
r-release-windows-x86_64 | 2.0.3 | 66.00 | 233.00 | 299.00 | OK | |
r-oldrel-macos-arm64 | 2.0.3 | NOTE | ||||
r-oldrel-macos-x86_64 | 2.0.3 | NOTE | ||||
r-oldrel-windows-ix86+x86_64 | 2.0.3 | 94.00 | 247.00 | 341.00 | NOTE |
Version: 2.0.3
Check: installed package size
Result: NOTE
installed size is 6.1Mb
sub-directories of 1Mb or more:
extdata 1.6Mb
libs 3.4Mb
Flavors: r-release-macos-arm64, r-release-macos-x86_64, r-oldrel-macos-arm64, r-oldrel-macos-x86_64, r-oldrel-windows-ix86+x86_64