Last updated on 2022-04-24 03:52:31 CEST.
| Flavor | Version | Tinstall | Tcheck | Ttotal | Status | Flags | 
|---|---|---|---|---|---|---|
| r-devel-linux-x86_64-debian-clang | 3.1.3 | 184.02 | 314.87 | 498.89 | OK | |
| r-devel-linux-x86_64-debian-gcc | 3.1.3 | 139.93 | 242.92 | 382.85 | OK | |
| r-devel-linux-x86_64-fedora-clang | 3.1.3 | 641.10 | NOTE | |||
| r-devel-linux-x86_64-fedora-gcc | 3.1.3 | 627.66 | OK | |||
| r-patched-linux-x86_64 | 3.1.3 | 156.32 | 332.15 | 488.47 | OK | |
| r-release-linux-x86_64 | 3.1.3 | 148.69 | 325.62 | 474.31 | OK | |
| r-release-macos-arm64 | 3.1.3 | NOTE | ||||
| r-release-macos-x86_64 | 3.1.3 | NOTE | ||||
| r-release-windows-x86_64 | 3.1.3 | 174.00 | 385.00 | 559.00 | OK | |
| r-oldrel-macos-arm64 | 3.1.3 | NOTE | ||||
| r-oldrel-macos-x86_64 | 3.1.3 | NOTE | ||||
| r-oldrel-windows-ix86+x86_64 | 3.1.3 | 418.00 | 537.00 | 955.00 | OK | 
Version: 3.1.3
Check: installed package size
Result: NOTE
      installed size is  5.1Mb
      sub-directories of 1Mb or more:
        libs   3.6Mb
Flavors: r-devel-linux-x86_64-fedora-clang, r-release-macos-arm64, r-release-macos-x86_64, r-oldrel-macos-arm64, r-oldrel-macos-x86_64