Last updated on 2022-04-24 03:52:31 CEST.
Flavor | Version | Tinstall | Tcheck | Ttotal | Status | Flags |
---|---|---|---|---|---|---|
r-devel-linux-x86_64-debian-clang | 0.1.1 | 2.63 | 39.26 | 41.89 | NOTE | |
r-devel-linux-x86_64-debian-gcc | 0.1.1 | 1.90 | 29.76 | 31.66 | NOTE | |
r-devel-linux-x86_64-fedora-clang | 0.1.1 | 51.54 | NOTE | |||
r-devel-linux-x86_64-fedora-gcc | 0.1.1 | 40.13 | NOTE | |||
r-patched-linux-x86_64 | 0.1.1 | 2.75 | 36.51 | 39.26 | NOTE | |
r-release-linux-x86_64 | 0.1.1 | 2.21 | 35.88 | 38.09 | NOTE | |
r-release-macos-arm64 | 0.1.1 | NOTE | ||||
r-release-macos-x86_64 | 0.1.1 | NOTE | ||||
r-release-windows-x86_64 | 0.1.1 | 20.00 | 59.00 | 79.00 | NOTE | |
r-oldrel-macos-arm64 | 0.1.1 | NOTE | ||||
r-oldrel-macos-x86_64 | 0.1.1 | NOTE | ||||
r-oldrel-windows-ix86+x86_64 | 0.1.1 | 6.00 | 49.00 | 55.00 | NOTE |
Version: 0.1.1
Check: LazyData
Result: NOTE
'LazyData' is specified without a 'data' directory
Flavors: r-devel-linux-x86_64-debian-clang, r-devel-linux-x86_64-debian-gcc, r-devel-linux-x86_64-fedora-clang, r-devel-linux-x86_64-fedora-gcc, r-patched-linux-x86_64, r-release-linux-x86_64, r-release-macos-arm64, r-release-macos-x86_64, r-release-windows-x86_64, r-oldrel-macos-arm64, r-oldrel-macos-x86_64, r-oldrel-windows-ix86+x86_64