Last updated on 2022-04-24 03:52:31 CEST.
Flavor | Version | Tinstall | Tcheck | Ttotal | Status | Flags |
---|---|---|---|---|---|---|
r-devel-linux-x86_64-debian-clang | 1.0.7 | 12.75 | 138.05 | 150.80 | OK | |
r-devel-linux-x86_64-debian-gcc | 1.0.7 | 10.63 | 101.89 | 112.52 | OK | |
r-devel-linux-x86_64-fedora-clang | 1.0.7 | 182.56 | NOTE | |||
r-devel-linux-x86_64-fedora-gcc | 1.0.7 | 168.90 | OK | |||
r-patched-linux-x86_64 | 1.0.7 | 10.55 | 133.57 | 144.12 | OK | |
r-release-linux-x86_64 | 1.0.7 | 11.10 | 128.70 | 139.80 | OK | |
r-release-macos-arm64 | 1.0.7 | NOTE | ||||
r-release-macos-x86_64 | 1.0.7 | OK | ||||
r-release-windows-x86_64 | 1.0.7 | 52.00 | 160.00 | 212.00 | OK | |
r-oldrel-macos-arm64 | 1.0.7 | NOTE | ||||
r-oldrel-macos-x86_64 | 1.0.7 | OK | ||||
r-oldrel-windows-ix86+x86_64 | 1.0.7 | 23.00 | 157.00 | 180.00 | OK |
Version: 1.0.7
Check: Rd cross-references
Result: NOTE
Undeclared package ‘seewave’ in Rd xrefs
Flavor: r-devel-linux-x86_64-fedora-clang
Version: 1.0.7
Check: package dependencies
Result: NOTE
Package suggested but not available for checking: ‘RODBC’
Flavors: r-release-macos-arm64, r-oldrel-macos-arm64
Version: 1.0.7
Check: Rd cross-references
Result: NOTE
Package unavailable to check Rd xrefs: ‘RODBC’
Flavors: r-release-macos-arm64, r-oldrel-macos-arm64