Last updated on 2022-04-24 03:52:31 CEST.
Flavor | Version | Tinstall | Tcheck | Ttotal | Status | Flags |
---|---|---|---|---|---|---|
r-devel-linux-x86_64-debian-clang | 0.1.0 | 2.00 | 29.11 | 31.11 | OK | |
r-devel-linux-x86_64-debian-gcc | 0.1.0 | 1.80 | 22.62 | 24.42 | OK | |
r-devel-linux-x86_64-fedora-clang | 0.1.0 | 38.65 | NOTE | |||
r-devel-linux-x86_64-fedora-gcc | 0.1.0 | 26.96 | NOTE | |||
r-patched-linux-x86_64 | 0.1.0 | 1.68 | 28.10 | 29.78 | OK | |
r-release-linux-x86_64 | 0.1.0 | 2.06 | 27.67 | 29.73 | OK | |
r-release-macos-arm64 | 0.1.0 | NOTE | ||||
r-release-macos-x86_64 | 0.1.0 | NOTE | ||||
r-release-windows-x86_64 | 0.1.0 | 13.00 | 44.00 | 57.00 | OK | |
r-oldrel-macos-arm64 | 0.1.0 | NOTE | ||||
r-oldrel-macos-x86_64 | 0.1.0 | NOTE | ||||
r-oldrel-windows-ix86+x86_64 | 0.1.0 | 6.00 | 36.00 | 42.00 | OK |
Version: 0.1.0
Check: data for non-ASCII characters
Result: NOTE
Note: found 13 marked UTF-8 strings
Flavors: r-devel-linux-x86_64-fedora-clang, r-devel-linux-x86_64-fedora-gcc, r-release-macos-arm64, r-release-macos-x86_64, r-oldrel-macos-arm64, r-oldrel-macos-x86_64