Last updated on 2022-04-24 03:52:31 CEST.
Flavor | Version | Tinstall | Tcheck | Ttotal | Status | Flags |
---|---|---|---|---|---|---|
r-devel-linux-x86_64-debian-clang | 0.5.1 | 2.53 | 38.07 | 40.60 | NOTE | |
r-devel-linux-x86_64-debian-gcc | 0.5.1 | 1.64 | 29.32 | 30.96 | NOTE | |
r-devel-linux-x86_64-fedora-clang | 0.5.1 | 49.99 | NOTE | |||
r-devel-linux-x86_64-fedora-gcc | 0.5.1 | 37.69 | NOTE | |||
r-patched-linux-x86_64 | 0.5.1 | 2.41 | 36.87 | 39.28 | NOTE | |
r-release-linux-x86_64 | 0.5.1 | 2.11 | 36.59 | 38.70 | NOTE | |
r-release-macos-arm64 | 0.5.1 | NOTE | ||||
r-release-macos-x86_64 | 0.5.1 | NOTE | ||||
r-release-windows-x86_64 | 0.5.1 | 9.00 | 54.00 | 63.00 | NOTE | |
r-oldrel-macos-arm64 | 0.5.1 | NOTE | ||||
r-oldrel-macos-x86_64 | 0.5.1 | NOTE | ||||
r-oldrel-windows-ix86+x86_64 | 0.5.1 | 5.00 | 32.00 | 37.00 | NOTE |
Version: 0.5.1
Check: R code for possible problems
Result: NOTE
mopsocd : initialize_pop: no visible global function definition for
'runif'
mopsocd : compute_velocity: no visible global function definition for
'runif'
mopsocd : mutate: no visible global function definition for 'runif'
Undefined global functions or variables:
runif
Consider adding
importFrom("stats", "runif")
to your NAMESPACE file.
Flavors: r-devel-linux-x86_64-debian-clang, r-devel-linux-x86_64-debian-gcc, r-devel-linux-x86_64-fedora-clang, r-devel-linux-x86_64-fedora-gcc, r-patched-linux-x86_64, r-release-linux-x86_64, r-release-macos-arm64, r-release-macos-x86_64, r-release-windows-x86_64, r-oldrel-macos-arm64, r-oldrel-macos-x86_64, r-oldrel-windows-ix86+x86_64