Last updated on 2022-04-24 03:52:31 CEST.
Flavor | Version | Tinstall | Tcheck | Ttotal | Status | Flags |
---|---|---|---|---|---|---|
r-devel-linux-x86_64-debian-clang | 1.1.1 | 3.32 | 89.85 | 93.17 | WARN | |
r-devel-linux-x86_64-debian-gcc | 1.1.1 | 3.26 | 67.26 | 70.52 | WARN | |
r-devel-linux-x86_64-fedora-clang | 1.1.1 | 114.51 | WARN | |||
r-devel-linux-x86_64-fedora-gcc | 1.1.1 | 106.83 | WARN | |||
r-patched-linux-x86_64 | 1.1.1 | 4.43 | 85.16 | 89.59 | OK | |
r-release-linux-x86_64 | 1.1.1 | 3.52 | 86.31 | 89.83 | OK | |
r-release-macos-arm64 | 1.1.1 | OK | ||||
r-release-macos-x86_64 | 1.1.1 | OK | ||||
r-release-windows-x86_64 | 1.1.1 | 46.00 | 115.00 | 161.00 | ERROR | |
r-oldrel-macos-arm64 | 1.1.1 | OK | ||||
r-oldrel-macos-x86_64 | 1.1.1 | OK | ||||
r-oldrel-windows-ix86+x86_64 | 1.1.1 | 8.00 | 104.00 | 112.00 | OK |
Version: 1.1.1
Check: Rd files
Result: WARN
checkRd: (7) mortAAR-package.Rd:27: invalid email address: Carolin Tietze <ctietze1991@gmail.com>
Flavors: r-devel-linux-x86_64-debian-clang, r-devel-linux-x86_64-debian-gcc, r-devel-linux-x86_64-fedora-clang, r-devel-linux-x86_64-fedora-gcc
Version: 1.1.1
Check: re-building of vignette outputs
Result: ERROR
Error(s) in re-building vignettes:
--- re-building 'mortAAR_vignette-1.Rmd' using rmarkdown
File .csl not found in resource path
Error: processing vignette 'mortAAR_vignette-1.Rmd' failed with diagnostics:
pandoc document conversion failed with error 99
--- failed re-building 'mortAAR_vignette-1.Rmd'
--- re-building 'mortAAR_vignette_extended.Rmd' using rmarkdown
File .csl not found in resource path
Error: processing vignette 'mortAAR_vignette_extended.Rmd' failed with diagnostics:
pandoc document conversion failed with error 99
--- failed re-building 'mortAAR_vignette_extended.Rmd'
--- re-building 'mortAAR_vignette_lt_correction.Rmd' using rmarkdown
File .csl not found in resource path
Error: processing vignette 'mortAAR_vignette_lt_correction.Rmd' failed with diagnostics:
pandoc document conversion failed with error 99
--- failed re-building 'mortAAR_vignette_lt_correction.Rmd'
--- re-building 'mortAAR_vignette_reproduction.Rmd' using rmarkdown
Warning in get_engine(options$engine) :
Unknown language engine 'oxcal' (must be registered via knit_engines$set()).
File .csl not found in resource path
Error: processing vignette 'mortAAR_vignette_reproduction.Rmd' failed with diagnostics:
pandoc document conversion failed with error 99
--- failed re-building 'mortAAR_vignette_reproduction.Rmd'
SUMMARY: processing the following files failed:
'mortAAR_vignette-1.Rmd' 'mortAAR_vignette_extended.Rmd' 'mortAAR_vignette_lt_correction.Rmd' 'mortAAR_vignette_reproduction.Rmd'
Error: Vignette re-building failed.
Execution halted
Flavor: r-release-windows-x86_64