Last updated on 2022-04-24 03:52:31 CEST.
Flavor | Version | Tinstall | Tcheck | Ttotal | Status | Flags |
---|---|---|---|---|---|---|
r-devel-linux-x86_64-debian-clang | 0.3.0 | 7.90 | 112.95 | 120.85 | OK | |
r-devel-linux-x86_64-debian-gcc | 0.3.0 | 7.17 | 82.94 | 90.11 | OK | |
r-devel-linux-x86_64-fedora-clang | 0.3.0 | 150.88 | NOTE | |||
r-devel-linux-x86_64-fedora-gcc | 0.3.0 | 138.78 | NOTE | |||
r-patched-linux-x86_64 | 0.3.0 | 7.39 | 103.42 | 110.81 | OK | |
r-release-linux-x86_64 | 0.3.0 | 8.15 | 99.35 | 107.50 | OK | |
r-release-macos-arm64 | 0.3.0 | NOTE | ||||
r-release-macos-x86_64 | 0.3.0 | NOTE | ||||
r-release-windows-x86_64 | 0.3.0 | 56.00 | 153.00 | 209.00 | OK | |
r-oldrel-macos-arm64 | 0.3.0 | NOTE | ||||
r-oldrel-macos-x86_64 | 0.3.0 | NOTE | ||||
r-oldrel-windows-ix86+x86_64 | 0.3.0 | 22.00 | 125.00 | 147.00 | OK |
Version: 0.3.0
Check: dependencies in R code
Result: NOTE
Namespaces in Imports field not imported from:
‘MASS’ ‘caret’ ‘ggformula’ ‘knitr’ ‘testthat’ ‘tidyverse’
All declared Imports should be used.
Flavors: r-devel-linux-x86_64-fedora-clang, r-devel-linux-x86_64-fedora-gcc, r-release-macos-arm64, r-release-macos-x86_64, r-oldrel-macos-arm64, r-oldrel-macos-x86_64