Last updated on 2022-04-24 03:52:31 CEST.
Flavor | Version | Tinstall | Tcheck | Ttotal | Status | Flags |
---|---|---|---|---|---|---|
r-devel-linux-x86_64-debian-clang | 1.2.6 | 39.21 | 53.00 | 92.21 | WARN | |
r-devel-linux-x86_64-debian-gcc | 1.2.6 | 29.72 | 41.53 | 71.25 | OK | |
r-devel-linux-x86_64-fedora-clang | 1.2.6 | 129.58 | WARN | |||
r-devel-linux-x86_64-fedora-gcc | 1.2.6 | 107.17 | OK | |||
r-patched-linux-x86_64 | 1.2.6 | 33.01 | 52.72 | 85.73 | OK | |
r-release-linux-x86_64 | 1.2.6 | 30.08 | 50.82 | 80.90 | OK | |
r-release-macos-arm64 | 1.2.6 | OK | ||||
r-release-macos-x86_64 | 1.2.6 | OK | ||||
r-release-windows-x86_64 | 1.2.6 | 50.00 | 91.00 | 141.00 | OK | |
r-oldrel-macos-arm64 | 1.2.6 | OK | ||||
r-oldrel-macos-x86_64 | 1.2.6 | OK | ||||
r-oldrel-windows-ix86+x86_64 | 1.2.6 | 90.00 | 85.00 | 175.00 | OK |
Version: 1.2.6
Check: whether package can be installed
Result: WARN
Found the following significant warnings:
exhaust_bic.cpp:269:6: warning: use of bitwise '&' with boolean operands [-Wbitwise-instead-of-logical]
exhaust_bic.cpp:290:9: warning: use of bitwise '&' with boolean operands [-Wbitwise-instead-of-logical]
Flavors: r-devel-linux-x86_64-debian-clang, r-devel-linux-x86_64-fedora-clang