Last updated on 2022-04-24 03:52:31 CEST.
Flavor | Version | Tinstall | Tcheck | Ttotal | Status | Flags |
---|---|---|---|---|---|---|
r-devel-linux-x86_64-debian-clang | 0.5.0 | 94.32 | 171.41 | 265.73 | OK | |
r-devel-linux-x86_64-debian-gcc | 0.5.0 | 74.60 | 123.03 | 197.63 | OK | |
r-devel-linux-x86_64-fedora-clang | 0.5.0 | 384.22 | NOTE | |||
r-devel-linux-x86_64-fedora-gcc | 0.5.0 | 334.09 | OK | |||
r-patched-linux-x86_64 | 0.5.0 | 82.39 | 159.39 | 241.78 | OK | |
r-release-linux-x86_64 | 0.5.0 | 84.97 | 157.64 | 242.61 | OK | |
r-release-macos-arm64 | 0.5.0 | NOTE | ||||
r-release-macos-x86_64 | 0.5.0 | NOTE | ||||
r-release-windows-x86_64 | 0.5.0 | 87.00 | 215.00 | 302.00 | OK | |
r-oldrel-macos-arm64 | 0.5.0 | NOTE | ||||
r-oldrel-macos-x86_64 | 0.5.0 | NOTE | ||||
r-oldrel-windows-ix86+x86_64 | 0.5.0 | 240.00 | 304.00 | 544.00 | NOTE |
Version: 0.5.0
Check: installed package size
Result: NOTE
installed size is 5.6Mb
sub-directories of 1Mb or more:
libs 2.3Mb
raster 2.2Mb
Flavors: r-devel-linux-x86_64-fedora-clang, r-release-macos-arm64, r-release-macos-x86_64, r-oldrel-macos-arm64, r-oldrel-macos-x86_64, r-oldrel-windows-ix86+x86_64