Last updated on 2022-04-24 03:52:31 CEST.
Flavor | Version | Tinstall | Tcheck | Ttotal | Status | Flags |
---|---|---|---|---|---|---|
r-devel-linux-x86_64-debian-clang | 2.2.1 | 8.84 | 82.49 | 91.33 | NOTE | |
r-devel-linux-x86_64-debian-gcc | 2.2.1 | 6.96 | 63.31 | 70.27 | NOTE | |
r-devel-linux-x86_64-fedora-clang | 2.2.1 | 114.61 | NOTE | |||
r-devel-linux-x86_64-fedora-gcc | 2.2.1 | 104.77 | NOTE | |||
r-patched-linux-x86_64 | 2.2.1 | 8.08 | 79.04 | 87.12 | OK | |
r-release-linux-x86_64 | 2.2.1 | 5.51 | 74.55 | 80.06 | OK | |
r-release-macos-arm64 | 2.2.1 | OK | ||||
r-release-macos-x86_64 | 2.2.1 | OK | ||||
r-release-windows-x86_64 | 2.2.1 | 16.00 | 98.00 | 114.00 | OK | |
r-oldrel-macos-arm64 | 2.2.1 | OK | ||||
r-oldrel-macos-x86_64 | 2.2.1 | OK | ||||
r-oldrel-windows-ix86+x86_64 | 2.2.1 | 17.00 | 83.00 | 100.00 | OK |
Version: 2.2.1
Check: Rd files
Result: NOTE
checkRd: (7) file 'predict.moult.Rd': \item in \value must have non-empty label
Flavors: r-devel-linux-x86_64-debian-clang, r-devel-linux-x86_64-debian-gcc, r-devel-linux-x86_64-fedora-clang, r-devel-linux-x86_64-fedora-gcc