Last updated on 2022-04-24 03:52:31 CEST.
Flavor | Version | Tinstall | Tcheck | Ttotal | Status | Flags |
---|---|---|---|---|---|---|
r-devel-linux-x86_64-debian-clang | 1.0.0 | 2.76 | 36.22 | 38.98 | NOTE | |
r-devel-linux-x86_64-debian-gcc | 1.0.0 | 2.17 | 28.24 | 30.41 | NOTE | |
r-devel-linux-x86_64-fedora-clang | 1.0.0 | 47.73 | NOTE | |||
r-devel-linux-x86_64-fedora-gcc | 1.0.0 | 36.02 | NOTE | |||
r-patched-linux-x86_64 | 1.0.0 | 2.67 | 35.61 | 38.28 | NOTE | |
r-release-linux-x86_64 | 1.0.0 | 2.51 | 34.71 | 37.22 | NOTE | |
r-release-macos-arm64 | 1.0.0 | NOTE | ||||
r-release-macos-x86_64 | 1.0.0 | NOTE | ||||
r-release-windows-x86_64 | 1.0.0 | 9.00 | 57.00 | 66.00 | NOTE | |
r-oldrel-macos-arm64 | 1.0.0 | NOTE | ||||
r-oldrel-macos-x86_64 | 1.0.0 | NOTE | ||||
r-oldrel-windows-ix86+x86_64 | 1.0.0 | 5.00 | 36.00 | 41.00 | NOTE |
Version: 1.0.0
Check: R code for possible problems
Result: NOTE
getmouseDV: no visible global function definition for 'tail'
interpltraj: no visible global function definition for 'approx'
trim1: no visible global function definition for 'tail'
Undefined global functions or variables:
approx tail
Consider adding
importFrom("stats", "approx")
importFrom("utils", "tail")
to your NAMESPACE file.
Flavors: r-devel-linux-x86_64-debian-clang, r-devel-linux-x86_64-debian-gcc, r-devel-linux-x86_64-fedora-clang, r-devel-linux-x86_64-fedora-gcc, r-patched-linux-x86_64, r-release-linux-x86_64, r-release-macos-arm64, r-release-macos-x86_64, r-release-windows-x86_64, r-oldrel-macos-arm64, r-oldrel-macos-x86_64, r-oldrel-windows-ix86+x86_64