Last updated on 2022-04-24 03:52:31 CEST.
Flavor | Version | Tinstall | Tcheck | Ttotal | Status | Flags |
---|---|---|---|---|---|---|
r-devel-linux-x86_64-debian-clang | 3.2.1 | 117.67 | 118.28 | 235.95 | OK | |
r-devel-linux-x86_64-debian-gcc | 3.2.1 | 86.88 | 85.93 | 172.81 | OK | |
r-devel-linux-x86_64-fedora-clang | 3.2.1 | 324.14 | NOTE | |||
r-devel-linux-x86_64-fedora-gcc | 3.2.1 | 277.70 | OK | |||
r-patched-linux-x86_64 | 3.2.1 | 92.68 | 112.56 | 205.24 | OK | |
r-release-linux-x86_64 | 3.2.1 | 93.03 | 107.81 | 200.84 | OK | |
r-release-macos-arm64 | 3.2.1 | NOTE | ||||
r-release-macos-x86_64 | 3.2.1 | NOTE | ||||
r-release-windows-x86_64 | 3.2.1 | 143.00 | 168.00 | 311.00 | OK | |
r-oldrel-macos-arm64 | 3.2.1 | NOTE | ||||
r-oldrel-macos-x86_64 | 3.2.1 | NOTE | ||||
r-oldrel-windows-ix86+x86_64 | 3.2.1 | 261.00 | 204.00 | 465.00 | NOTE |
Version: 3.2.1
Check: installed package size
Result: NOTE
installed size is 5.2Mb
sub-directories of 1Mb or more:
data 2.0Mb
libs 2.4Mb
Flavors: r-devel-linux-x86_64-fedora-clang, r-release-macos-arm64, r-release-macos-x86_64, r-oldrel-macos-arm64, r-oldrel-macos-x86_64, r-oldrel-windows-ix86+x86_64