Last updated on 2022-04-24 03:52:31 CEST.
Flavor | Version | Tinstall | Tcheck | Ttotal | Status | Flags |
---|---|---|---|---|---|---|
r-devel-linux-x86_64-debian-clang | 0.2-6 | 5.09 | 138.56 | 143.65 | NOTE | |
r-devel-linux-x86_64-debian-gcc | 0.2-7 | 3.78 | 99.81 | 103.59 | NOTE | |
r-devel-linux-x86_64-fedora-clang | 0.2-7 | 179.11 | NOTE | |||
r-devel-linux-x86_64-fedora-gcc | 0.2-7 | 161.15 | NOTE | |||
r-patched-linux-x86_64 | 0.2-7 | 4.37 | 129.46 | 133.83 | NOTE | |
r-release-linux-x86_64 | 0.2-6 | 4.33 | 117.19 | 121.52 | NOTE | |
r-release-macos-arm64 | 0.2-6 | NOTE | ||||
r-release-macos-x86_64 | 0.2-6 | NOTE | ||||
r-release-windows-x86_64 | 0.2-6 | 13.00 | 190.00 | 203.00 | NOTE | |
r-oldrel-macos-arm64 | 0.2-6 | NOTE | ||||
r-oldrel-macos-x86_64 | 0.2-6 | NOTE | ||||
r-oldrel-windows-ix86+x86_64 | 0.2-7 | 16.00 | 160.00 | 176.00 | NOTE |
Version: 0.2-6
Check: package dependencies
Result: NOTE
Package suggested but not available for checking: 'corpus.useR.2008.abstracts'
Flavors: r-devel-linux-x86_64-debian-clang, r-release-linux-x86_64, r-release-macos-arm64, r-release-macos-x86_64, r-release-windows-x86_64, r-oldrel-macos-arm64, r-oldrel-macos-x86_64
Version: 0.2-7
Check: package dependencies
Result: NOTE
Package suggested but not available for checking: ‘corpus.useR.2008.abstracts’
Flavors: r-devel-linux-x86_64-debian-gcc, r-devel-linux-x86_64-fedora-clang, r-devel-linux-x86_64-fedora-gcc, r-patched-linux-x86_64, r-oldrel-windows-ix86+x86_64