Last updated on 2022-04-24 03:52:31 CEST.
| Flavor | Version | Tinstall | Tcheck | Ttotal | Status | Flags | 
|---|---|---|---|---|---|---|
| r-devel-linux-x86_64-debian-clang | 4.1.6 | 60.76 | 551.16 | 611.92 | OK | |
| r-devel-linux-x86_64-debian-gcc | 4.1.6 | 48.74 | 392.02 | 440.76 | NOTE | |
| r-devel-linux-x86_64-fedora-clang | 4.1.6 | 715.96 | OK | |||
| r-devel-linux-x86_64-fedora-gcc | 4.1.6 | 748.19 | NOTE | |||
| r-patched-linux-x86_64 | 4.1.6 | 63.12 | 515.39 | 578.51 | OK | |
| r-release-linux-x86_64 | 4.1.6 | 52.64 | 488.35 | 540.99 | OK | |
| r-release-macos-arm64 | 4.1.6 | NOTE | ||||
| r-release-macos-x86_64 | 4.1.6 | OK | ||||
| r-release-windows-x86_64 | 4.1.6 | 105.00 | 597.00 | 702.00 | OK | |
| r-oldrel-macos-arm64 | 4.1.6 | NOTE | ||||
| r-oldrel-macos-x86_64 | 4.1.6 | OK | ||||
| r-oldrel-windows-ix86+x86_64 | 4.1.6 | 116.00 | 909.00 | 1025.00 | NOTE | 
Version: 4.1.6
Check: package dependencies
Result: NOTE
    Suggests orphaned package: ‘circular’
Flavors: r-devel-linux-x86_64-debian-gcc, r-devel-linux-x86_64-fedora-gcc
Version: 4.1.6
Check: installed package size
Result: NOTE
      installed size is  5.5Mb
      sub-directories of 1Mb or more:
        R   2.1Mb
Flavors: r-release-macos-arm64, r-oldrel-macos-arm64, r-oldrel-windows-ix86+x86_64