Last updated on 2022-04-24 03:52:31 CEST.
Flavor | Version | Tinstall | Tcheck | Ttotal | Status | Flags |
---|---|---|---|---|---|---|
r-devel-linux-x86_64-debian-clang | 0.4.1 | 59.40 | 38.26 | 97.66 | OK | |
r-devel-linux-x86_64-debian-gcc | 0.4.1 | 47.24 | 29.51 | 76.75 | OK | |
r-devel-linux-x86_64-fedora-clang | 0.4.1 | 146.89 | NOTE | |||
r-devel-linux-x86_64-fedora-gcc | 0.4.1 | 115.50 | NOTE | |||
r-patched-linux-x86_64 | 0.4.1 | 56.59 | 37.26 | 93.85 | OK | |
r-release-linux-x86_64 | 0.4.1 | 52.65 | 36.19 | 88.84 | OK | |
r-release-macos-arm64 | 0.4.1 | OK | ||||
r-release-macos-x86_64 | 0.4.1 | OK | ||||
r-release-windows-x86_64 | 0.4.1 | 68.00 | 77.00 | 145.00 | OK | |
r-oldrel-macos-arm64 | 0.4.1 | OK | ||||
r-oldrel-macos-x86_64 | 0.4.1 | OK | ||||
r-oldrel-windows-ix86+x86_64 | 0.4.1 | 145.00 | 69.00 | 214.00 | OK |
Version: 0.4.1
Check: Rd cross-references
Result: NOTE
Undeclared package ‘proxy’ in Rd xrefs
Flavor: r-devel-linux-x86_64-fedora-clang
Version: 0.4.1
Check: compiled code
Result: NOTE
File ‘mp/libs/mp.so’:
Found no calls to: ‘R_registerRoutines’, ‘R_useDynamicSymbols’
It is good practice to register native routines and to disable symbol
search.
See ‘Writing portable packages’ in the ‘Writing R Extensions’ manual.
Flavors: r-devel-linux-x86_64-fedora-clang, r-devel-linux-x86_64-fedora-gcc